{"id":907,"date":"2015-09-06T20:08:05","date_gmt":"2015-09-06T18:08:05","guid":{"rendered":"http:\/\/www.el-pan-alegre.org\/wordpress\/?page_id=907"},"modified":"2016-01-25T01:42:03","modified_gmt":"2016-01-25T00:42:03","slug":"2010-amaranth-im-prinzessinnengartenberlin","status":"publish","type":"page","link":"https:\/\/www.el-pan-alegre.org\/wordpress\/galerie\/2010-amaranth-im-prinzessinnengartenberlin\/","title":{"rendered":"2010: Amaranth im Prinzessinnengarten\/Berlin"},"content":{"rendered":"<div style=\"width: 584px;\" class=\"wp-video\"><video class=\"wp-video-shortcode\" id=\"video-907-1\" width=\"584\" height=\"467\" preload=\"metadata\" controls=\"controls\"><source type=\"video\/mp4\" src=\"http:\/\/www.el-pan-alegre.org\/wordpress\/wp-content\/uploads\/2015\/09\/2010-Prinzessinnengarten_Berlin.mp4?_=1\" \/><a href=\"http:\/\/www.el-pan-alegre.org\/wordpress\/wp-content\/uploads\/2015\/09\/2010-Prinzessinnengarten_Berlin.mp4\">http:\/\/www.el-pan-alegre.org\/wordpress\/wp-content\/uploads\/2015\/09\/2010-Prinzessinnengarten_Berlin.mp4<\/a><\/video><\/div>\n<p>&nbsp;<\/p>\n<div style=\"width: 584px;\" class=\"wp-video\"><video class=\"wp-video-shortcode\" id=\"video-907-2\" width=\"584\" height=\"467\" preload=\"metadata\" controls=\"controls\"><source type=\"video\/mp4\" src=\"http:\/\/www.el-pan-alegre.org\/wordpress\/wp-content\/uploads\/2016\/01\/2010-Prinzessinnengarten_Amaranthernte.mp4?_=2\" \/><a href=\"http:\/\/www.el-pan-alegre.org\/wordpress\/wp-content\/uploads\/2016\/01\/2010-Prinzessinnengarten_Amaranthernte.mp4\">http:\/\/www.el-pan-alegre.org\/wordpress\/wp-content\/uploads\/2016\/01\/2010-Prinzessinnengarten_Amaranthernte.mp4<\/a><\/video><\/div>\n<p>&nbsp;<\/p>\n<p>&nbsp;<\/p>\n<p>&nbsp;<\/p>\n","protected":false},"excerpt":{"rendered":"<p>&nbsp; &nbsp; &nbsp; &nbsp;<\/p>\n","protected":false},"author":2,"featured_media":0,"parent":488,"menu_order":3,"comment_status":"open","ping_status":"closed","template":"","meta":{"footnotes":""},"class_list":["post-907","page","type-page","status-publish","hentry"],"yoast_head":"<!-- This site is optimized with the Yoast SEO plugin v27.5 - https:\/\/yoast.com\/product\/yoast-seo-wordpress\/ -->\n<title>2010: Amaranth im Prinzessinnengarten\/Berlin - El Pan Alegre<\/title>\n<meta name=\"robots\" content=\"index, follow, max-snippet:-1, max-image-preview:large, max-video-preview:-1\" \/>\n<link rel=\"canonical\" href=\"https:\/\/www.el-pan-alegre.org\/wordpress\/galerie\/2010-amaranth-im-prinzessinnengartenberlin\/\" \/>\n<meta property=\"og:locale\" content=\"de_DE\" \/>\n<meta property=\"og:type\" content=\"article\" \/>\n<meta property=\"og:title\" content=\"2010: Amaranth im Prinzessinnengarten\/Berlin - El Pan Alegre\" \/>\n<meta property=\"og:description\" content=\"&nbsp; &nbsp; &nbsp; &nbsp;\" \/>\n<meta property=\"og:url\" content=\"https:\/\/www.el-pan-alegre.org\/wordpress\/galerie\/2010-amaranth-im-prinzessinnengartenberlin\/\" \/>\n<meta property=\"og:site_name\" content=\"El Pan Alegre\" \/>\n<meta property=\"article:modified_time\" content=\"2016-01-25T00:42:03+00:00\" \/>\n<meta name=\"twitter:card\" content=\"summary_large_image\" \/>\n<script type=\"application\/ld+json\" class=\"yoast-schema-graph\">{\"@context\":\"https:\\\/\\\/schema.org\",\"@graph\":[{\"@type\":\"WebPage\",\"@id\":\"https:\\\/\\\/www.el-pan-alegre.org\\\/wordpress\\\/galerie\\\/2010-amaranth-im-prinzessinnengartenberlin\\\/\",\"url\":\"https:\\\/\\\/www.el-pan-alegre.org\\\/wordpress\\\/galerie\\\/2010-amaranth-im-prinzessinnengartenberlin\\\/\",\"name\":\"2010: Amaranth im Prinzessinnengarten\\\/Berlin - El Pan Alegre\",\"isPartOf\":{\"@id\":\"https:\\\/\\\/www.el-pan-alegre.org\\\/wordpress\\\/#website\"},\"datePublished\":\"2015-09-06T18:08:05+00:00\",\"dateModified\":\"2016-01-25T00:42:03+00:00\",\"breadcrumb\":{\"@id\":\"https:\\\/\\\/www.el-pan-alegre.org\\\/wordpress\\\/galerie\\\/2010-amaranth-im-prinzessinnengartenberlin\\\/#breadcrumb\"},\"inLanguage\":\"de\",\"potentialAction\":[{\"@type\":\"ReadAction\",\"target\":[\"https:\\\/\\\/www.el-pan-alegre.org\\\/wordpress\\\/galerie\\\/2010-amaranth-im-prinzessinnengartenberlin\\\/\"]}]},{\"@type\":\"BreadcrumbList\",\"@id\":\"https:\\\/\\\/www.el-pan-alegre.org\\\/wordpress\\\/galerie\\\/2010-amaranth-im-prinzessinnengartenberlin\\\/#breadcrumb\",\"itemListElement\":[{\"@type\":\"ListItem\",\"position\":1,\"name\":\"Home\",\"item\":\"https:\\\/\\\/www.el-pan-alegre.org\\\/wordpress\\\/\"},{\"@type\":\"ListItem\",\"position\":2,\"name\":\"Film-\\\/Fotogalerie\",\"item\":\"https:\\\/\\\/www.el-pan-alegre.org\\\/wordpress\\\/galerie\\\/\"},{\"@type\":\"ListItem\",\"position\":3,\"name\":\"2010: Amaranth im Prinzessinnengarten\\\/Berlin\"}]},{\"@type\":\"WebSite\",\"@id\":\"https:\\\/\\\/www.el-pan-alegre.org\\\/wordpress\\\/#website\",\"url\":\"https:\\\/\\\/www.el-pan-alegre.org\\\/wordpress\\\/\",\"name\":\"El Pan Alegre\",\"description\":\"Das Fr\u00f6hliche Brot\",\"potentialAction\":[{\"@type\":\"SearchAction\",\"target\":{\"@type\":\"EntryPoint\",\"urlTemplate\":\"https:\\\/\\\/www.el-pan-alegre.org\\\/wordpress\\\/?s={search_term_string}\"},\"query-input\":{\"@type\":\"PropertyValueSpecification\",\"valueRequired\":true,\"valueName\":\"search_term_string\"}}],\"inLanguage\":\"de\"}]}<\/script>\n<!-- \/ Yoast SEO plugin. -->","yoast_head_json":{"title":"2010: Amaranth im Prinzessinnengarten\/Berlin - El Pan Alegre","robots":{"index":"index","follow":"follow","max-snippet":"max-snippet:-1","max-image-preview":"max-image-preview:large","max-video-preview":"max-video-preview:-1"},"canonical":"https:\/\/www.el-pan-alegre.org\/wordpress\/galerie\/2010-amaranth-im-prinzessinnengartenberlin\/","og_locale":"de_DE","og_type":"article","og_title":"2010: Amaranth im Prinzessinnengarten\/Berlin - El Pan Alegre","og_description":"&nbsp; &nbsp; &nbsp; &nbsp;","og_url":"https:\/\/www.el-pan-alegre.org\/wordpress\/galerie\/2010-amaranth-im-prinzessinnengartenberlin\/","og_site_name":"El Pan Alegre","article_modified_time":"2016-01-25T00:42:03+00:00","twitter_card":"summary_large_image","schema":{"@context":"https:\/\/schema.org","@graph":[{"@type":"WebPage","@id":"https:\/\/www.el-pan-alegre.org\/wordpress\/galerie\/2010-amaranth-im-prinzessinnengartenberlin\/","url":"https:\/\/www.el-pan-alegre.org\/wordpress\/galerie\/2010-amaranth-im-prinzessinnengartenberlin\/","name":"2010: Amaranth im Prinzessinnengarten\/Berlin - El Pan Alegre","isPartOf":{"@id":"https:\/\/www.el-pan-alegre.org\/wordpress\/#website"},"datePublished":"2015-09-06T18:08:05+00:00","dateModified":"2016-01-25T00:42:03+00:00","breadcrumb":{"@id":"https:\/\/www.el-pan-alegre.org\/wordpress\/galerie\/2010-amaranth-im-prinzessinnengartenberlin\/#breadcrumb"},"inLanguage":"de","potentialAction":[{"@type":"ReadAction","target":["https:\/\/www.el-pan-alegre.org\/wordpress\/galerie\/2010-amaranth-im-prinzessinnengartenberlin\/"]}]},{"@type":"BreadcrumbList","@id":"https:\/\/www.el-pan-alegre.org\/wordpress\/galerie\/2010-amaranth-im-prinzessinnengartenberlin\/#breadcrumb","itemListElement":[{"@type":"ListItem","position":1,"name":"Home","item":"https:\/\/www.el-pan-alegre.org\/wordpress\/"},{"@type":"ListItem","position":2,"name":"Film-\/Fotogalerie","item":"https:\/\/www.el-pan-alegre.org\/wordpress\/galerie\/"},{"@type":"ListItem","position":3,"name":"2010: Amaranth im Prinzessinnengarten\/Berlin"}]},{"@type":"WebSite","@id":"https:\/\/www.el-pan-alegre.org\/wordpress\/#website","url":"https:\/\/www.el-pan-alegre.org\/wordpress\/","name":"El Pan Alegre","description":"Das Fr\u00f6hliche Brot","potentialAction":[{"@type":"SearchAction","target":{"@type":"EntryPoint","urlTemplate":"https:\/\/www.el-pan-alegre.org\/wordpress\/?s={search_term_string}"},"query-input":{"@type":"PropertyValueSpecification","valueRequired":true,"valueName":"search_term_string"}}],"inLanguage":"de"}]}},"jetpack_sharing_enabled":true,"jetpack_shortlink":"https:\/\/wp.me\/P62TDh-eD","jetpack-related-posts":[{"id":876,"url":"https:\/\/www.el-pan-alegre.org\/wordpress\/galerie\/2010-amaranth-kindertheaterstueck\/","url_meta":{"origin":907,"position":0},"title":"2010: AMARANTH-Kindertheaterst\u00fcck","author":"Madeleine Porr","date":"30. August 2015","format":false,"excerpt":"\u00a0 \u00a0 \u00a0","rel":"","context":"\u00c4hnlicher Beitrag","block_context":{"text":"\u00c4hnlicher Beitrag","link":""},"img":{"alt_text":"","src":"","width":0,"height":0},"classes":[]},{"id":855,"url":"https:\/\/www.el-pan-alegre.org\/wordpress\/galerie\/2010-amaranth-thementag-in-der-fezitty\/","url_meta":{"origin":907,"position":1},"title":"2010: AMARANTH-Thementag in der FEZitty","author":"Madeleine Porr","date":"30. August 2015","format":false,"excerpt":"\u00a0 * * *","rel":"","context":"\u00c4hnlicher Beitrag","block_context":{"text":"\u00c4hnlicher Beitrag","link":""},"img":{"alt_text":"","src":"","width":0,"height":0},"classes":[]},{"id":867,"url":"https:\/\/www.el-pan-alegre.org\/wordpress\/galerie\/2010-start-im-fez-berlin\/","url_meta":{"origin":907,"position":2},"title":"2010: Start im FEZ-Berlin","author":"Madeleine Porr","date":"30. August 2015","format":false,"excerpt":"\u00a0 * * *","rel":"","context":"\u00c4hnlicher Beitrag","block_context":{"text":"\u00c4hnlicher Beitrag","link":""},"img":{"alt_text":"","src":"","width":0,"height":0},"classes":[]},{"id":1801,"url":"https:\/\/www.el-pan-alegre.org\/wordpress\/en-buenas-manos-e-v\/was-machen-wir\/schirmherrschaften-patrocinios\/","url_meta":{"origin":907,"position":3},"title":"Schirmherrschaft(en) \/ Patrocinio(s)","author":"Madeleine Porr","date":"4. Januar 2018","format":false,"excerpt":"2009-10 Dr. Hermann Scheer (\u2020 2010) - deutsch 2009-10 Dr. Hermann Scheer (\u2020 2010) - espa\u00f1ol","rel":"","context":"\u00c4hnlicher Beitrag","block_context":{"text":"\u00c4hnlicher Beitrag","link":""},"img":{"alt_text":"","src":"","width":0,"height":0},"classes":[]},{"id":1119,"url":"https:\/\/www.el-pan-alegre.org\/wordpress\/machen\/projekte-de\/paradies-wuhlheide\/","url_meta":{"origin":907,"position":4},"title":"PARADIES WUHLHEIDE","author":"Madeleine Porr","date":"24. Januar 2016","format":false,"excerpt":"2010-15\u00a0 Entwicklungsprozess PARADIES WUHLHEIDE \u00a0 2015\u00a0 Nachhaltigkeitsbewertung PARADIES WUHLHEIDE \/ Beuth-Hochschule f\u00fcr Technik Berlin \u00a0 \u00a02015\u00a0 Zeugnis f\u00fcr Madeleine Porr - PARADIES WUHLHEIDE \u00a0 \u00a0 \u00a0","rel":"","context":"\u00c4hnlicher Beitrag","block_context":{"text":"\u00c4hnlicher Beitrag","link":""},"img":{"alt_text":"Paradies_wuhlheide_vision_15Feb2011","src":"https:\/\/i0.wp.com\/www.el-pan-alegre.org\/wordpress\/wp-content\/uploads\/2016\/01\/Paradies_wuhlheide_vision_15Feb2011-1024x899.jpg?resize=350%2C200","width":350,"height":200,"srcset":"https:\/\/i0.wp.com\/www.el-pan-alegre.org\/wordpress\/wp-content\/uploads\/2016\/01\/Paradies_wuhlheide_vision_15Feb2011-1024x899.jpg?resize=350%2C200 1x, https:\/\/i0.wp.com\/www.el-pan-alegre.org\/wordpress\/wp-content\/uploads\/2016\/01\/Paradies_wuhlheide_vision_15Feb2011-1024x899.jpg?resize=525%2C300 1.5x"},"classes":[]},{"id":488,"url":"https:\/\/www.el-pan-alegre.org\/wordpress\/galerie\/","url_meta":{"origin":907,"position":5},"title":"Film-\/Fotogalerie","author":"Anja Mocker","date":"22. April 2015","format":false,"excerpt":"+ + +\u00a0 s. auch Blogspot\u00a0 + + + FILM \"Nachhaltig stark und schlau!\" (7:44 Min.) Bildung f\u00fcr nachhaltige Entwicklung; En Buenas Manos e. V. & FEZ-Berlin, 2012 FOTOSHOWS 2009: Probeworkshop im FEZ - \"Abenteuer Gesundheit\" 2010: Start im FEZ-Berlin 2010: AMARANTH-Thementag in der FEZitty, der Sommerferien-Kinderhauptstadt 2010: AMARANTH im\u2026","rel":"","context":"\u00c4hnlicher Beitrag","block_context":{"text":"\u00c4hnlicher Beitrag","link":""},"img":{"alt_text":"","src":"","width":0,"height":0},"classes":[]}],"_links":{"self":[{"href":"https:\/\/www.el-pan-alegre.org\/wordpress\/wp-json\/wp\/v2\/pages\/907","targetHints":{"allow":["GET"]}}],"collection":[{"href":"https:\/\/www.el-pan-alegre.org\/wordpress\/wp-json\/wp\/v2\/pages"}],"about":[{"href":"https:\/\/www.el-pan-alegre.org\/wordpress\/wp-json\/wp\/v2\/types\/page"}],"author":[{"embeddable":true,"href":"https:\/\/www.el-pan-alegre.org\/wordpress\/wp-json\/wp\/v2\/users\/2"}],"replies":[{"embeddable":true,"href":"https:\/\/www.el-pan-alegre.org\/wordpress\/wp-json\/wp\/v2\/comments?post=907"}],"version-history":[{"count":3,"href":"https:\/\/www.el-pan-alegre.org\/wordpress\/wp-json\/wp\/v2\/pages\/907\/revisions"}],"predecessor-version":[{"id":1173,"href":"https:\/\/www.el-pan-alegre.org\/wordpress\/wp-json\/wp\/v2\/pages\/907\/revisions\/1173"}],"up":[{"embeddable":true,"href":"https:\/\/www.el-pan-alegre.org\/wordpress\/wp-json\/wp\/v2\/pages\/488"}],"wp:attachment":[{"href":"https:\/\/www.el-pan-alegre.org\/wordpress\/wp-json\/wp\/v2\/media?parent=907"}],"curies":[{"name":"wp","href":"https:\/\/api.w.org\/{rel}","templated":true}]}}