{"id":876,"date":"2015-08-30T22:00:44","date_gmt":"2015-08-30T20:00:44","guid":{"rendered":"http:\/\/www.el-pan-alegre.org\/wordpress\/?page_id=876"},"modified":"2016-01-25T01:56:04","modified_gmt":"2016-01-25T00:56:04","slug":"2010-amaranth-kindertheaterstueck","status":"publish","type":"page","link":"https:\/\/www.el-pan-alegre.org\/wordpress\/galerie\/2010-amaranth-kindertheaterstueck\/","title":{"rendered":"2010: AMARANTH-Kindertheaterst\u00fcck"},"content":{"rendered":"<div style=\"width: 584px;\" class=\"wp-video\"><video class=\"wp-video-shortcode\" id=\"video-876-1\" width=\"584\" height=\"467\" preload=\"metadata\" controls=\"controls\"><source type=\"video\/mp4\" src=\"http:\/\/www.el-pan-alegre.org\/wordpress\/wp-content\/uploads\/2015\/08\/2010-AMARANTH-Kindertheaterstueck.mp4?_=1\" \/><a href=\"http:\/\/www.el-pan-alegre.org\/wordpress\/wp-content\/uploads\/2015\/08\/2010-AMARANTH-Kindertheaterstueck.mp4\">http:\/\/www.el-pan-alegre.org\/wordpress\/wp-content\/uploads\/2015\/08\/2010-AMARANTH-Kindertheaterstueck.mp4<\/a><\/video><\/div>\n<p>&nbsp;<\/p>\n<p>&nbsp;<\/p>\n<p>&nbsp;<\/p>\n","protected":false},"excerpt":{"rendered":"<p>&nbsp; &nbsp; &nbsp;<\/p>\n","protected":false},"author":2,"featured_media":0,"parent":488,"menu_order":4,"comment_status":"open","ping_status":"closed","template":"","meta":{"jetpack_post_was_ever_published":false,"footnotes":""},"class_list":["post-876","page","type-page","status-publish","hentry"],"yoast_head":"<!-- This site is optimized with the Yoast SEO plugin v27.5 - https:\/\/yoast.com\/product\/yoast-seo-wordpress\/ -->\n<title>2010: AMARANTH-Kindertheaterst\u00fcck - El Pan Alegre<\/title>\n<meta name=\"robots\" content=\"index, follow, max-snippet:-1, max-image-preview:large, max-video-preview:-1\" \/>\n<link rel=\"canonical\" href=\"https:\/\/www.el-pan-alegre.org\/wordpress\/galerie\/2010-amaranth-kindertheaterstueck\/\" \/>\n<meta property=\"og:locale\" content=\"de_DE\" \/>\n<meta property=\"og:type\" content=\"article\" \/>\n<meta property=\"og:title\" content=\"2010: AMARANTH-Kindertheaterst\u00fcck - El Pan Alegre\" \/>\n<meta property=\"og:description\" content=\"&nbsp; &nbsp; &nbsp;\" \/>\n<meta property=\"og:url\" content=\"https:\/\/www.el-pan-alegre.org\/wordpress\/galerie\/2010-amaranth-kindertheaterstueck\/\" \/>\n<meta property=\"og:site_name\" content=\"El Pan Alegre\" \/>\n<meta property=\"article:modified_time\" content=\"2016-01-25T00:56:04+00:00\" \/>\n<meta name=\"twitter:card\" content=\"summary_large_image\" \/>\n<script type=\"application\/ld+json\" class=\"yoast-schema-graph\">{\"@context\":\"https:\\\/\\\/schema.org\",\"@graph\":[{\"@type\":\"WebPage\",\"@id\":\"https:\\\/\\\/www.el-pan-alegre.org\\\/wordpress\\\/galerie\\\/2010-amaranth-kindertheaterstueck\\\/\",\"url\":\"https:\\\/\\\/www.el-pan-alegre.org\\\/wordpress\\\/galerie\\\/2010-amaranth-kindertheaterstueck\\\/\",\"name\":\"2010: AMARANTH-Kindertheaterst\u00fcck - El Pan Alegre\",\"isPartOf\":{\"@id\":\"https:\\\/\\\/www.el-pan-alegre.org\\\/wordpress\\\/#website\"},\"datePublished\":\"2015-08-30T20:00:44+00:00\",\"dateModified\":\"2016-01-25T00:56:04+00:00\",\"breadcrumb\":{\"@id\":\"https:\\\/\\\/www.el-pan-alegre.org\\\/wordpress\\\/galerie\\\/2010-amaranth-kindertheaterstueck\\\/#breadcrumb\"},\"inLanguage\":\"de\",\"potentialAction\":[{\"@type\":\"ReadAction\",\"target\":[\"https:\\\/\\\/www.el-pan-alegre.org\\\/wordpress\\\/galerie\\\/2010-amaranth-kindertheaterstueck\\\/\"]}]},{\"@type\":\"BreadcrumbList\",\"@id\":\"https:\\\/\\\/www.el-pan-alegre.org\\\/wordpress\\\/galerie\\\/2010-amaranth-kindertheaterstueck\\\/#breadcrumb\",\"itemListElement\":[{\"@type\":\"ListItem\",\"position\":1,\"name\":\"Home\",\"item\":\"https:\\\/\\\/www.el-pan-alegre.org\\\/wordpress\\\/\"},{\"@type\":\"ListItem\",\"position\":2,\"name\":\"Film-\\\/Fotogalerie\",\"item\":\"https:\\\/\\\/www.el-pan-alegre.org\\\/wordpress\\\/galerie\\\/\"},{\"@type\":\"ListItem\",\"position\":3,\"name\":\"2010: AMARANTH-Kindertheaterst\u00fcck\"}]},{\"@type\":\"WebSite\",\"@id\":\"https:\\\/\\\/www.el-pan-alegre.org\\\/wordpress\\\/#website\",\"url\":\"https:\\\/\\\/www.el-pan-alegre.org\\\/wordpress\\\/\",\"name\":\"El Pan Alegre\",\"description\":\"Das Fr\u00f6hliche Brot\",\"potentialAction\":[{\"@type\":\"SearchAction\",\"target\":{\"@type\":\"EntryPoint\",\"urlTemplate\":\"https:\\\/\\\/www.el-pan-alegre.org\\\/wordpress\\\/?s={search_term_string}\"},\"query-input\":{\"@type\":\"PropertyValueSpecification\",\"valueRequired\":true,\"valueName\":\"search_term_string\"}}],\"inLanguage\":\"de\"}]}<\/script>\n<!-- \/ Yoast SEO plugin. -->","yoast_head_json":{"title":"2010: AMARANTH-Kindertheaterst\u00fcck - El Pan Alegre","robots":{"index":"index","follow":"follow","max-snippet":"max-snippet:-1","max-image-preview":"max-image-preview:large","max-video-preview":"max-video-preview:-1"},"canonical":"https:\/\/www.el-pan-alegre.org\/wordpress\/galerie\/2010-amaranth-kindertheaterstueck\/","og_locale":"de_DE","og_type":"article","og_title":"2010: AMARANTH-Kindertheaterst\u00fcck - El Pan Alegre","og_description":"&nbsp; &nbsp; &nbsp;","og_url":"https:\/\/www.el-pan-alegre.org\/wordpress\/galerie\/2010-amaranth-kindertheaterstueck\/","og_site_name":"El Pan Alegre","article_modified_time":"2016-01-25T00:56:04+00:00","twitter_card":"summary_large_image","schema":{"@context":"https:\/\/schema.org","@graph":[{"@type":"WebPage","@id":"https:\/\/www.el-pan-alegre.org\/wordpress\/galerie\/2010-amaranth-kindertheaterstueck\/","url":"https:\/\/www.el-pan-alegre.org\/wordpress\/galerie\/2010-amaranth-kindertheaterstueck\/","name":"2010: AMARANTH-Kindertheaterst\u00fcck - El Pan Alegre","isPartOf":{"@id":"https:\/\/www.el-pan-alegre.org\/wordpress\/#website"},"datePublished":"2015-08-30T20:00:44+00:00","dateModified":"2016-01-25T00:56:04+00:00","breadcrumb":{"@id":"https:\/\/www.el-pan-alegre.org\/wordpress\/galerie\/2010-amaranth-kindertheaterstueck\/#breadcrumb"},"inLanguage":"de","potentialAction":[{"@type":"ReadAction","target":["https:\/\/www.el-pan-alegre.org\/wordpress\/galerie\/2010-amaranth-kindertheaterstueck\/"]}]},{"@type":"BreadcrumbList","@id":"https:\/\/www.el-pan-alegre.org\/wordpress\/galerie\/2010-amaranth-kindertheaterstueck\/#breadcrumb","itemListElement":[{"@type":"ListItem","position":1,"name":"Home","item":"https:\/\/www.el-pan-alegre.org\/wordpress\/"},{"@type":"ListItem","position":2,"name":"Film-\/Fotogalerie","item":"https:\/\/www.el-pan-alegre.org\/wordpress\/galerie\/"},{"@type":"ListItem","position":3,"name":"2010: AMARANTH-Kindertheaterst\u00fcck"}]},{"@type":"WebSite","@id":"https:\/\/www.el-pan-alegre.org\/wordpress\/#website","url":"https:\/\/www.el-pan-alegre.org\/wordpress\/","name":"El Pan Alegre","description":"Das Fr\u00f6hliche Brot","potentialAction":[{"@type":"SearchAction","target":{"@type":"EntryPoint","urlTemplate":"https:\/\/www.el-pan-alegre.org\/wordpress\/?s={search_term_string}"},"query-input":{"@type":"PropertyValueSpecification","valueRequired":true,"valueName":"search_term_string"}}],"inLanguage":"de"}]}},"jetpack_sharing_enabled":true,"jetpack_shortlink":"https:\/\/wp.me\/P62TDh-e8","jetpack-related-posts":[{"id":907,"url":"https:\/\/www.el-pan-alegre.org\/wordpress\/galerie\/2010-amaranth-im-prinzessinnengartenberlin\/","url_meta":{"origin":876,"position":0},"title":"2010: Amaranth im Prinzessinnengarten\/Berlin","author":"Madeleine Porr","date":"6. September 2015","format":false,"excerpt":"\u00a0 \u00a0 \u00a0 \u00a0","rel":"","context":"\u00c4hnlicher Beitrag","block_context":{"text":"\u00c4hnlicher Beitrag","link":""},"img":{"alt_text":"","src":"","width":0,"height":0},"classes":[]},{"id":855,"url":"https:\/\/www.el-pan-alegre.org\/wordpress\/galerie\/2010-amaranth-thementag-in-der-fezitty\/","url_meta":{"origin":876,"position":1},"title":"2010: AMARANTH-Thementag in der FEZitty","author":"Madeleine Porr","date":"30. August 2015","format":false,"excerpt":"\u00a0 * * *","rel":"","context":"\u00c4hnlicher Beitrag","block_context":{"text":"\u00c4hnlicher Beitrag","link":""},"img":{"alt_text":"","src":"","width":0,"height":0},"classes":[]},{"id":488,"url":"https:\/\/www.el-pan-alegre.org\/wordpress\/galerie\/","url_meta":{"origin":876,"position":2},"title":"Film-\/Fotogalerie","author":"Anja Mocker","date":"22. April 2015","format":false,"excerpt":"+ + +\u00a0 s. auch Blogspot\u00a0 + + + FILM \"Nachhaltig stark und schlau!\" (7:44 Min.) Bildung f\u00fcr nachhaltige Entwicklung; En Buenas Manos e. V. & FEZ-Berlin, 2012 FOTOSHOWS 2009: Probeworkshop im FEZ - \"Abenteuer Gesundheit\" 2010: Start im FEZ-Berlin 2010: AMARANTH-Thementag in der FEZitty, der Sommerferien-Kinderhauptstadt 2010: AMARANTH im\u2026","rel":"","context":"\u00c4hnlicher Beitrag","block_context":{"text":"\u00c4hnlicher Beitrag","link":""},"img":{"alt_text":"","src":"","width":0,"height":0},"classes":[]},{"id":1133,"url":"https:\/\/www.el-pan-alegre.org\/wordpress\/machen\/projekte-de\/im-fez-berlin\/","url_meta":{"origin":876,"position":3},"title":"Im FEZ-Berlin 2010-15","author":"Madeleine Porr","date":"24. Januar 2016","format":false,"excerpt":"Referenzschreiben des FEZ-Berlin a)\u00a0 Amaranth-Workshops f\u00fcr Schulklassen: Start im FEZ \"Ein starkes Korn f\u00fcr starke Kinder!\" * Amaranth & Honig - ein starkes Team f\u00fcr starke Kinder! Amaranth-Reis-Woche b)\u00a0 Biogas-Workshops f\u00fcr Schulklassen: Der Schatz aus dem \"M\u00fcll\" c)\u00a0 Kreislauf-Workshops f\u00fcr Schulklassen: Die verborgenen Natursch\u00e4tze Sachbericht Foto-Dokumentation d)\u00a0 Kreislauf-Pr\u00e4sentationen bei Wochenendveranstaltungen\u2026","rel":"","context":"\u00c4hnlicher Beitrag","block_context":{"text":"\u00c4hnlicher Beitrag","link":""},"img":{"alt_text":"Team-1","src":"https:\/\/i0.wp.com\/www.el-pan-alegre.org\/wordpress\/wp-content\/uploads\/2016\/01\/Team-1-300x300.jpg?resize=350%2C200","width":350,"height":200},"classes":[]},{"id":525,"url":"https:\/\/www.el-pan-alegre.org\/wordpress\/wissen\/themen\/amaranth\/","url_meta":{"origin":876,"position":4},"title":"Amaranth \/ Amaranto","author":"Anja Mocker","date":"22. April 2015","format":false,"excerpt":"Amaranth (D) - Pr\u00e4sentation (Landwirtschaft - Ern\u00e4hrung - Gastronomie - Medizin - Wellness) Amaranth (D) - \u00dcberblick Amaranth (D) - Vielfacher Nutzen (inkl. Glutenfreiheit) Amaranth (D) - Daten zum N\u00e4hrwert Amaranth (D) - Rezepte Amaranth (D) - Tee aus den Amaranth-Bl\u00e4ttern Amaranth (D) - Teil des Landwirtschaftssystems Milpa-Solar Amaranth (D)\u2026","rel":"","context":"\u00c4hnlicher Beitrag","block_context":{"text":"\u00c4hnlicher Beitrag","link":""},"img":{"alt_text":"","src":"","width":0,"height":0},"classes":[]},{"id":886,"url":"https:\/\/www.el-pan-alegre.org\/wordpress\/galerie\/2012-abschlussfest-amaranth-kinderbaeckerei\/","url_meta":{"origin":876,"position":5},"title":"2012: Abschlussfest AMARANTH-Kinderb\u00e4ckerei","author":"Madeleine Porr","date":"30. August 2015","format":false,"excerpt":"\u00a0 * * *","rel":"","context":"\u00c4hnlicher Beitrag","block_context":{"text":"\u00c4hnlicher Beitrag","link":""},"img":{"alt_text":"","src":"","width":0,"height":0},"classes":[]}],"_links":{"self":[{"href":"https:\/\/www.el-pan-alegre.org\/wordpress\/wp-json\/wp\/v2\/pages\/876","targetHints":{"allow":["GET"]}}],"collection":[{"href":"https:\/\/www.el-pan-alegre.org\/wordpress\/wp-json\/wp\/v2\/pages"}],"about":[{"href":"https:\/\/www.el-pan-alegre.org\/wordpress\/wp-json\/wp\/v2\/types\/page"}],"author":[{"embeddable":true,"href":"https:\/\/www.el-pan-alegre.org\/wordpress\/wp-json\/wp\/v2\/users\/2"}],"replies":[{"embeddable":true,"href":"https:\/\/www.el-pan-alegre.org\/wordpress\/wp-json\/wp\/v2\/comments?post=876"}],"version-history":[{"count":3,"href":"https:\/\/www.el-pan-alegre.org\/wordpress\/wp-json\/wp\/v2\/pages\/876\/revisions"}],"predecessor-version":[{"id":1178,"href":"https:\/\/www.el-pan-alegre.org\/wordpress\/wp-json\/wp\/v2\/pages\/876\/revisions\/1178"}],"up":[{"embeddable":true,"href":"https:\/\/www.el-pan-alegre.org\/wordpress\/wp-json\/wp\/v2\/pages\/488"}],"wp:attachment":[{"href":"https:\/\/www.el-pan-alegre.org\/wordpress\/wp-json\/wp\/v2\/media?parent=876"}],"curies":[{"name":"wp","href":"https:\/\/api.w.org\/{rel}","templated":true}]}}

2010: AMARANTH-Kindertheaterstück

<!-- This site is optimized with the Yoast SEO plugin v27.5 - https://yoast.com/product/yoast-seo-wordpress/ -->
<title>2010: AMARANTH-Kindertheaterstück - El Pan Alegre</title>
<meta name="robots" content="index, follow, max-snippet:-1, max-image-preview:large, max-video-preview:-1" />
<link rel="canonical" href="https://www.el-pan-alegre.org/wordpress/galerie/2010-amaranth-kindertheaterstueck/" />
<meta property="og:locale" content="de_DE" />
<meta property="og:type" content="article" />
<meta property="og:title" content="2010: AMARANTH-Kindertheaterstück - El Pan Alegre" />
<meta property="og:description" content="&nbsp; &nbsp; &nbsp;" />
<meta property="og:url" content="https://www.el-pan-alegre.org/wordpress/galerie/2010-amaranth-kindertheaterstueck/" />
<meta property="og:site_name" content="El Pan Alegre" />
<meta property="article:modified_time" content="2016-01-25T00:56:04+00:00" />
<meta name="twitter:card" content="summary_large_image" />
<script type="application/ld+json" class="yoast-schema-graph">{"@context":"https:\/\/schema.org","@graph":[{"@type":"WebPage","@id":"https:\/\/www.el-pan-alegre.org\/wordpress\/galerie\/2010-amaranth-kindertheaterstueck\/","url":"https:\/\/www.el-pan-alegre.org\/wordpress\/galerie\/2010-amaranth-kindertheaterstueck\/","name":"2010: AMARANTH-Kindertheaterstück - El Pan Alegre","isPartOf":{"@id":"https:\/\/www.el-pan-alegre.org\/wordpress\/#website"},"datePublished":"2015-08-30T20:00:44+00:00","dateModified":"2016-01-25T00:56:04+00:00","breadcrumb":{"@id":"https:\/\/www.el-pan-alegre.org\/wordpress\/galerie\/2010-amaranth-kindertheaterstueck\/#breadcrumb"},"inLanguage":"de","potentialAction":[{"@type":"ReadAction","target":["https:\/\/www.el-pan-alegre.org\/wordpress\/galerie\/2010-amaranth-kindertheaterstueck\/"]}]},{"@type":"BreadcrumbList","@id":"https:\/\/www.el-pan-alegre.org\/wordpress\/galerie\/2010-amaranth-kindertheaterstueck\/#breadcrumb","itemListElement":[{"@type":"ListItem","position":1,"name":"Home","item":"https:\/\/www.el-pan-alegre.org\/wordpress\/"},{"@type":"ListItem","position":2,"name":"Film-\/Fotogalerie","item":"https:\/\/www.el-pan-alegre.org\/wordpress\/galerie\/"},{"@type":"ListItem","position":3,"name":"2010: AMARANTH-Kindertheaterstück"}]},{"@type":"WebSite","@id":"https:\/\/www.el-pan-alegre.org\/wordpress\/#website","url":"https:\/\/www.el-pan-alegre.org\/wordpress\/","name":"El Pan Alegre","description":"Das Fröhliche Brot","potentialAction":[{"@type":"SearchAction","target":{"@type":"EntryPoint","urlTemplate":"https:\/\/www.el-pan-alegre.org\/wordpress\/?s={search_term_string}"},"query-input":{"@type":"PropertyValueSpecification","valueRequired":true,"valueName":"search_term_string"}}],"inLanguage":"de"}]}</script>
<!-- / Yoast SEO plugin. -->

2010: AMARANTH-Kindertheaterstück - El Pan Alegre

Das Fröhliche Brot

Ähnlicher Beitrag

+ + +  s. auch Blogspot  + + + FILM "Nachhaltig stark und schlau!" (7:44 Min.) Bildung für nachhaltige Entwicklung; En Buenas Manos e. V. & FEZ-Berlin, 2012 FOTOSHOWS 2009: Probeworkshop im FEZ - "Abenteuer Gesundheit" 2010: Start im FEZ-Berlin 2010: AMARANTH-Thementag in der FEZitty, der Sommerferien-Kinderhauptstadt 2010: AMARANTH im…

Referenzschreiben des FEZ-Berlin a)  Amaranth-Workshops für Schulklassen: Start im FEZ "Ein starkes Korn für starke Kinder!" * Amaranth & Honig - ein starkes Team für starke Kinder! Amaranth-Reis-Woche b)  Biogas-Workshops für Schulklassen: Der Schatz aus dem "Müll" c)  Kreislauf-Workshops für Schulklassen: Die verborgenen Naturschätze Sachbericht Foto-Dokumentation d)  Kreislauf-Präsentationen bei Wochenendveranstaltungen…

Amaranth (D) - Präsentation (Landwirtschaft - Ernährung - Gastronomie - Medizin - Wellness) Amaranth (D) - Überblick Amaranth (D) - Vielfacher Nutzen (inkl. Glutenfreiheit) Amaranth (D) - Daten zum Nährwert Amaranth (D) - Rezepte Amaranth (D) - Tee aus den Amaranth-Blättern Amaranth (D) - Teil des Landwirtschaftssystems Milpa-Solar Amaranth (D)…

2012: Abschlussfest AMARANTH-Kinderbäckerei
