{"id":811,"date":"2015-08-30T04:00:02","date_gmt":"2015-08-30T02:00:02","guid":{"rendered":"http:\/\/www.el-pan-alegre.org\/wordpress\/?page_id=811"},"modified":"2026-01-12T19:21:01","modified_gmt":"2026-01-12T18:21:01","slug":"arbeitsberichte","status":"publish","type":"page","link":"https:\/\/www.el-pan-alegre.org\/wordpress\/en-buenas-manos-e-v\/was-machen-wir\/arbeitsberichte\/","title":{"rendered":"Arbeitsberichte"},"content":{"rendered":"\n<p><\/p>\n\n\n\n<p><a href=\"https:\/\/www.el-pan-alegre.org\/2025_12_18.-MV-PRAES_EBM-2025.pdf\">2025-Aktivit\u00e4ten En Buenas Manos in Deutschland und Kuba<\/a><br><a href=\"https:\/\/www.el-pan-alegre.org\/2024-Jahresbericht_EBM-SRS.pdf\">2024-Jahresbericht EBM (nach den Kriterien des Social Reporting Standard)<\/a><br><a href=\"https:\/\/el-pan-alegre.org\/2023-Jahresbericht_EBM-SRS.pdf\">2023-Jahresbericht EBM (nach den Kriterien des Social Reporting Standard)<\/a><br><a href=\"https:\/\/www.el-pan-alegre.org\/2022-Jahresbericht_EBM-SRS.pdf\" target=\"_blank\" rel=\"noreferrer noopener\">2022-Jahresbericht EBM (nach den Kriterien des Social Reporting Standard)<\/a><br><a href=\"https:\/\/www.el-pan-alegre.org\/2021-Jahresbericht_EBM-SRS.pdf\">2021-Jahresbericht EBM (nach den Kriterien des Social Reporting Standard)<\/a><br><a href=\"https:\/\/www.el-pan-alegre.org\/2020-Jahresbericht_EBM-SRS.pdf\">2020-Jahresbericht EBM (nach den Kriterien des Social Reporting Standard)<\/a><br><a href=\"https:\/\/www.el-pan-alegre.org\/2019-Jahresbericht_EBM-SRS.pdf\">2019-Jahresbericht EBM (nach den Kriterien des Social Reporting Standard)<\/a><br><a href=\"http:\/\/www.el-pan-alegre.org\/2018-Jahresbericht_EBM-SRS.pdf\">2018-Jahresbericht EBM (nach den Kriterien des Social Reporting Standard)<\/a><br><a href=\"http:\/\/www.el-pan-alegre.org\/2017-Jahresbericht_EBM-SRS.pdf\">2017-Jahresbericht EBM (nach den Kriterien des Social Reporting Standard)<\/a><br><a href=\"http:\/\/www.el-pan-alegre.org\/2016-Jahresbericht_EBM-SRS.pdf\">2016-Jahresbericht EBM (nach den Kriterien des Social Reporting Standard)<\/a><br><a href=\"http:\/\/www.el-pan-alegre.org\/2015-Jahresbericht_EBM-SRS.pdf\">2015-Jahresbericht EBM (nach den Kriterien des Social Reporting Standard)<\/a><br><a href=\"http:\/\/www.el-pan-alegre.org\/wordpress\/wp-content\/uploads\/2015\/04\/2014-Jahresbericht_EBM-SRS.pdf\">2014-Jahresbericht EBM (nach den Kriterien des Social Reporting Standard)<\/a><a href=\"http:\/\/www.el-pan-alegre.org\/wordpress\/wp-content\/uploads\/2015\/04\/2014-Auszug-Jahresbericht_EBM-im-FEZ.pdf\"><br>2014-Auszug aus dem Jahresbericht: EBM-im-FEZ<\/a><a href=\"http:\/\/www.el-pan-alegre.org\/wordpress\/wp-content\/uploads\/2015\/04\/2014-EBMimFEZ_Anzahl_Veranst.-TN-BesucherInnen.pdf\"><br>2014-EBM-im-FEZ: Anzahl der Veranstaltungen &amp; TeilnehmerInnen-BesucherInnen<\/a><a href=\"http:\/\/www.el-pan-alegre.org\/wordpress\/wp-content\/uploads\/2015\/04\/2013-Taetigkeitsbericht_EnBuenasManos.pdf\"><br><\/a><a href=\"http:\/\/www.el-pan-alegre.org\/wordpress\/wp-content\/uploads\/2015\/10\/2014-WorkshopsEBM-WfKmT.pdf\" target=\"_blank\" rel=\"noopener\">2014-gemeinsames Workshopangebot EBM &amp; Wissenschaft f\u00fcr Kids mit T\u00fcftelfaktor<\/a><a href=\"http:\/\/www.el-pan-alegre.org\/wordpress\/wp-content\/uploads\/2015\/04\/2013-Taetigkeitsbericht_EnBuenasManos.pdf\"><br>2013-T\u00e4tigkeitsbericht En Buenas Manos<\/a><a href=\"http:\/\/www.el-pan-alegre.org\/wordpress\/wp-content\/uploads\/2015\/04\/2013_08_07.-Doku_Klausur_EBM_MO.pdf\"><br>2013_08_07.-Dokumentation der Klausurtagung EBM<\/a><a href=\"http:\/\/www.el-pan-alegre.org\/wordpress\/wp-content\/uploads\/2015\/04\/2012-Reisebericht_Kuba.pdf\"><br><\/a><a href=\"http:\/\/www.el-pan-alegre.org\/wordpress\/wp-content\/uploads\/2015\/04\/2012-Jahresbericht.pdf\">2012-Jahresbericht<\/a><a href=\"http:\/\/www.el-pan-alegre.org\/wordpress\/wp-content\/uploads\/2015\/04\/2012-Reisebericht_Kuba.pdf\"><br><\/a><a href=\"http:\/\/www.el-pan-alegre.org\/wordpress\/wp-content\/uploads\/2015\/04\/2012-Mindmap_EN_BUENAS_MANOS_e.V..pdf\">2012-Mindmap EBM e.V.<\/a><a href=\"http:\/\/www.el-pan-alegre.org\/wordpress\/wp-content\/uploads\/2015\/04\/2012-Reisebericht_Kuba.pdf\"><br><\/a><a href=\"http:\/\/www.el-pan-alegre.org\/wordpress\/wp-content\/uploads\/2015\/04\/2012_11_19.-Auswertung_Backcontainer.pdf\">2012-Auswertung &#8222;Die Fr\u00f6hliche Amaranth-Kinderb\u00e4ckerei&#8220;<br><\/a><a href=\"http:\/\/www.el-pan-alegre.org\/wordpress\/wp-content\/uploads\/2015\/04\/2012-Reisebericht_Kuba.pdf\">2012-Reisebericht Kuba<\/a><a href=\"http:\/\/www.el-pan-alegre.org\/wordpress\/wp-content\/uploads\/2015\/04\/2011-Jahresbericht_EnBuenasManos.pdf\"><br>2011-Jahresbericht EBM<\/a><br><a href=\"http:\/\/www.el-pan-alegre.org\/wordpress\/wp-content\/uploads\/2015\/04\/2011-Jahresbericht_EBM-FEZ.pdf\">2011-Jahresbericht EBM-im-FEZ<\/a><br><a href=\"http:\/\/www.el-pan-alegre.org\/wordpress\/wp-content\/uploads\/2015\/04\/2011_Workshopbericht_CMocker.pdf\">2011-Workshopbericht<\/a><br><a href=\"http:\/\/www.el-pan-alegre.org\/wordpress\/wp-content\/uploads\/2015\/04\/2011_Mexikoreise_Sachbericht-Porr.pdf\">2011-Mexikoreise Sachbericht<\/a><br><a href=\"http:\/\/www.el-pan-alegre.org\/wordpress\/wp-content\/uploads\/2015\/04\/2011_1.HJ-AktivitaetenlisteGF.pdf\">2011-Aktivit\u00e4tenliste der Gesch\u00e4ftsf\u00fchrung im 1. Halbjahr<\/a><br><a href=\"http:\/\/www.el-pan-alegre.org\/wordpress\/wp-content\/uploads\/2015\/04\/2010-Jahresbericht_Oeko-Insel-EBM.pdf\">2010-Jahresbericht EBM-im-FEZ (\u00d6ko-Insel)<\/a><br><a href=\"http:\/\/www.el-pan-alegre.org\/wordpress\/wp-content\/uploads\/2015\/04\/2010_Jahresbericht.pdf\">2010-Jahresbericht<\/a><br><a href=\"http:\/\/www.el-pan-alegre.org\/wordpress\/wp-content\/uploads\/2015\/04\/2010_ArbeitsberichtKuba-Porr.pdf\">2010-Arbeitsbericht Kuba<\/a><br><a href=\"http:\/\/www.el-pan-alegre.org\/wordpress\/wp-content\/uploads\/2015\/04\/2009-TaetigkeitsberichtGF.pdf\">2009-T\u00e4tigkeitsbericht der Gesch\u00e4ftsf\u00fchrung<\/a><br><a href=\"http:\/\/www.el-pan-alegre.org\/wordpress\/wp-content\/uploads\/2015\/04\/2009_Okt-FEZAbenteuer_Gesundheit.pdf\">2009-Workshop EBM im FEZ-Berlin: &#8222;Abenteuer Gesundheit&#8220;<\/a><br><a href=\"http:\/\/www.el-pan-alegre.org\/wordpress\/wp-content\/uploads\/2015\/04\/2008-TaetigkeitsberichtGF.pdf\">2008-T\u00e4tigkeitsbericht der Gesch\u00e4ftsf\u00fchrung<\/a><br><a href=\"http:\/\/www.el-pan-alegre.org\/wordpress\/wp-content\/uploads\/2015\/04\/2008-Bericht_FEZittyVorlesung.pdf\">2008-Bericht von der &#8222;FEZitty&#8220;<\/a><br><a href=\"http:\/\/www.el-pan-alegre.org\/wordpress\/wp-content\/uploads\/2015\/04\/2008_Feb_Apr-ArbeitsberichtGFKuba.pdf\">2008-Arbeitsbericht Kuba<\/a><br><a href=\"http:\/\/www.el-pan-alegre.org\/wordpress\/wp-content\/uploads\/2015\/04\/2007-TaetigkeitsberichtGF.pdf\">2007-T\u00e4tigkeitsbericht der Gesch\u00e4ftsf\u00fchrung<\/a><br><a href=\"http:\/\/www.el-pan-alegre.org\/wordpress\/wp-content\/uploads\/2015\/04\/2005-06_Taetigkeitsbericht_Geschaeftsfuehrung.pdf\">2005\/06-T\u00e4tigkeitsbericht der Gesch\u00e4ftsf\u00fchrung<\/a><\/p>\n","protected":false},"excerpt":{"rendered":"<p>2025-Aktivit\u00e4ten En Buenas Manos in Deutschland und Kuba2024-Jahresbericht EBM (nach den Kriterien des Social Reporting Standard)2023-Jahresbericht EBM (nach den Kriterien des Social Reporting Standard)2022-Jahresbericht EBM (nach den Kriterien des Social Reporting Standard)2021-Jahresbericht EBM (nach den Kriterien des Social Reporting Standard)2020-Jahresbericht &hellip; <a href=\"https:\/\/www.el-pan-alegre.org\/wordpress\/en-buenas-manos-e-v\/was-machen-wir\/arbeitsberichte\/\">Weiterlesen <span class=\"meta-nav\">&rarr;<\/span><\/a><\/p>\n","protected":false},"author":2,"featured_media":0,"parent":497,"menu_order":9,"comment_status":"closed","ping_status":"closed","template":"","meta":{"jetpack_post_was_ever_published":false,"footnotes":""},"class_list":["post-811","page","type-page","status-publish","hentry"],"yoast_head":"<!-- This site is optimized with the Yoast SEO plugin v27.4 - https:\/\/yoast.com\/product\/yoast-seo-wordpress\/ -->\n<title>Arbeitsberichte - El Pan Alegre<\/title>\n<meta name=\"robots\" content=\"index, follow, max-snippet:-1, max-image-preview:large, max-video-preview:-1\" \/>\n<link rel=\"canonical\" href=\"https:\/\/www.el-pan-alegre.org\/wordpress\/en-buenas-manos-e-v\/was-machen-wir\/arbeitsberichte\/\" \/>\n<meta property=\"og:locale\" content=\"de_DE\" \/>\n<meta property=\"og:type\" content=\"article\" \/>\n<meta property=\"og:title\" content=\"Arbeitsberichte - El Pan Alegre\" \/>\n<meta property=\"og:description\" content=\"2025-Aktivit\u00e4ten En Buenas Manos in Deutschland und Kuba2024-Jahresbericht EBM (nach den Kriterien des Social Reporting Standard)2023-Jahresbericht EBM (nach den Kriterien des Social Reporting Standard)2022-Jahresbericht EBM (nach den Kriterien des Social Reporting Standard)2021-Jahresbericht EBM (nach den Kriterien des Social Reporting Standard)2020-Jahresbericht &hellip; Weiterlesen &rarr;\" \/>\n<meta property=\"og:url\" content=\"https:\/\/www.el-pan-alegre.org\/wordpress\/en-buenas-manos-e-v\/was-machen-wir\/arbeitsberichte\/\" \/>\n<meta property=\"og:site_name\" content=\"El Pan Alegre\" \/>\n<meta property=\"article:modified_time\" content=\"2026-01-12T18:21:01+00:00\" \/>\n<meta name=\"twitter:card\" content=\"summary_large_image\" \/>\n<meta name=\"twitter:label1\" content=\"Gesch\u00e4tzte Lesezeit\" \/>\n\t<meta name=\"twitter:data1\" content=\"2\u00a0Minuten\" \/>\n<script type=\"application\/ld+json\" class=\"yoast-schema-graph\">{\"@context\":\"https:\\\/\\\/schema.org\",\"@graph\":[{\"@type\":\"WebPage\",\"@id\":\"https:\\\/\\\/www.el-pan-alegre.org\\\/wordpress\\\/en-buenas-manos-e-v\\\/was-machen-wir\\\/arbeitsberichte\\\/\",\"url\":\"https:\\\/\\\/www.el-pan-alegre.org\\\/wordpress\\\/en-buenas-manos-e-v\\\/was-machen-wir\\\/arbeitsberichte\\\/\",\"name\":\"Arbeitsberichte - El Pan Alegre\",\"isPartOf\":{\"@id\":\"https:\\\/\\\/www.el-pan-alegre.org\\\/wordpress\\\/#website\"},\"datePublished\":\"2015-08-30T02:00:02+00:00\",\"dateModified\":\"2026-01-12T18:21:01+00:00\",\"breadcrumb\":{\"@id\":\"https:\\\/\\\/www.el-pan-alegre.org\\\/wordpress\\\/en-buenas-manos-e-v\\\/was-machen-wir\\\/arbeitsberichte\\\/#breadcrumb\"},\"inLanguage\":\"de\",\"potentialAction\":[{\"@type\":\"ReadAction\",\"target\":[\"https:\\\/\\\/www.el-pan-alegre.org\\\/wordpress\\\/en-buenas-manos-e-v\\\/was-machen-wir\\\/arbeitsberichte\\\/\"]}]},{\"@type\":\"BreadcrumbList\",\"@id\":\"https:\\\/\\\/www.el-pan-alegre.org\\\/wordpress\\\/en-buenas-manos-e-v\\\/was-machen-wir\\\/arbeitsberichte\\\/#breadcrumb\",\"itemListElement\":[{\"@type\":\"ListItem\",\"position\":1,\"name\":\"Home\",\"item\":\"https:\\\/\\\/www.el-pan-alegre.org\\\/wordpress\\\/\"},{\"@type\":\"ListItem\",\"position\":2,\"name\":\"En Buenas Manos e. V.\",\"item\":\"https:\\\/\\\/www.el-pan-alegre.org\\\/wordpress\\\/en-buenas-manos-e-v\\\/\"},{\"@type\":\"ListItem\",\"position\":3,\"name\":\"Was machen wir?\",\"item\":\"https:\\\/\\\/www.el-pan-alegre.org\\\/wordpress\\\/en-buenas-manos-e-v\\\/was-machen-wir\\\/\"},{\"@type\":\"ListItem\",\"position\":4,\"name\":\"Arbeitsberichte\"}]},{\"@type\":\"WebSite\",\"@id\":\"https:\\\/\\\/www.el-pan-alegre.org\\\/wordpress\\\/#website\",\"url\":\"https:\\\/\\\/www.el-pan-alegre.org\\\/wordpress\\\/\",\"name\":\"El Pan Alegre\",\"description\":\"Das Fr\u00f6hliche Brot\",\"potentialAction\":[{\"@type\":\"SearchAction\",\"target\":{\"@type\":\"EntryPoint\",\"urlTemplate\":\"https:\\\/\\\/www.el-pan-alegre.org\\\/wordpress\\\/?s={search_term_string}\"},\"query-input\":{\"@type\":\"PropertyValueSpecification\",\"valueRequired\":true,\"valueName\":\"search_term_string\"}}],\"inLanguage\":\"de\"}]}<\/script>\n<!-- \/ Yoast SEO plugin. -->","yoast_head_json":{"title":"Arbeitsberichte - El Pan Alegre","robots":{"index":"index","follow":"follow","max-snippet":"max-snippet:-1","max-image-preview":"max-image-preview:large","max-video-preview":"max-video-preview:-1"},"canonical":"https:\/\/www.el-pan-alegre.org\/wordpress\/en-buenas-manos-e-v\/was-machen-wir\/arbeitsberichte\/","og_locale":"de_DE","og_type":"article","og_title":"Arbeitsberichte - El Pan Alegre","og_description":"2025-Aktivit\u00e4ten En Buenas Manos in Deutschland und Kuba2024-Jahresbericht EBM (nach den Kriterien des Social Reporting Standard)2023-Jahresbericht EBM (nach den Kriterien des Social Reporting Standard)2022-Jahresbericht EBM (nach den Kriterien des Social Reporting Standard)2021-Jahresbericht EBM (nach den Kriterien des Social Reporting Standard)2020-Jahresbericht &hellip; Weiterlesen &rarr;","og_url":"https:\/\/www.el-pan-alegre.org\/wordpress\/en-buenas-manos-e-v\/was-machen-wir\/arbeitsberichte\/","og_site_name":"El Pan Alegre","article_modified_time":"2026-01-12T18:21:01+00:00","twitter_card":"summary_large_image","twitter_misc":{"Gesch\u00e4tzte Lesezeit":"2\u00a0Minuten"},"schema":{"@context":"https:\/\/schema.org","@graph":[{"@type":"WebPage","@id":"https:\/\/www.el-pan-alegre.org\/wordpress\/en-buenas-manos-e-v\/was-machen-wir\/arbeitsberichte\/","url":"https:\/\/www.el-pan-alegre.org\/wordpress\/en-buenas-manos-e-v\/was-machen-wir\/arbeitsberichte\/","name":"Arbeitsberichte - El Pan Alegre","isPartOf":{"@id":"https:\/\/www.el-pan-alegre.org\/wordpress\/#website"},"datePublished":"2015-08-30T02:00:02+00:00","dateModified":"2026-01-12T18:21:01+00:00","breadcrumb":{"@id":"https:\/\/www.el-pan-alegre.org\/wordpress\/en-buenas-manos-e-v\/was-machen-wir\/arbeitsberichte\/#breadcrumb"},"inLanguage":"de","potentialAction":[{"@type":"ReadAction","target":["https:\/\/www.el-pan-alegre.org\/wordpress\/en-buenas-manos-e-v\/was-machen-wir\/arbeitsberichte\/"]}]},{"@type":"BreadcrumbList","@id":"https:\/\/www.el-pan-alegre.org\/wordpress\/en-buenas-manos-e-v\/was-machen-wir\/arbeitsberichte\/#breadcrumb","itemListElement":[{"@type":"ListItem","position":1,"name":"Home","item":"https:\/\/www.el-pan-alegre.org\/wordpress\/"},{"@type":"ListItem","position":2,"name":"En Buenas Manos e. V.","item":"https:\/\/www.el-pan-alegre.org\/wordpress\/en-buenas-manos-e-v\/"},{"@type":"ListItem","position":3,"name":"Was machen wir?","item":"https:\/\/www.el-pan-alegre.org\/wordpress\/en-buenas-manos-e-v\/was-machen-wir\/"},{"@type":"ListItem","position":4,"name":"Arbeitsberichte"}]},{"@type":"WebSite","@id":"https:\/\/www.el-pan-alegre.org\/wordpress\/#website","url":"https:\/\/www.el-pan-alegre.org\/wordpress\/","name":"El Pan Alegre","description":"Das Fr\u00f6hliche Brot","potentialAction":[{"@type":"SearchAction","target":{"@type":"EntryPoint","urlTemplate":"https:\/\/www.el-pan-alegre.org\/wordpress\/?s={search_term_string}"},"query-input":{"@type":"PropertyValueSpecification","valueRequired":true,"valueName":"search_term_string"}}],"inLanguage":"de"}]}},"jetpack_sharing_enabled":true,"jetpack_shortlink":"https:\/\/wp.me\/P62TDh-d5","jetpack-related-posts":[{"id":1328,"url":"https:\/\/www.el-pan-alegre.org\/wordpress\/wissen\/themen\/ausserdem\/","url_meta":{"origin":811,"position":0},"title":"Au\u00dferdem \/ Adem\u00e1s \/ Additionally &#8230;","author":"Madeleine Porr","date":"21. M\u00e4rz 2016","format":false,"excerpt":"AgriCultures Network - ... shares knowledge and provides information on small-scale, sustainable agriculture worldwide Aktiv in Sachen Umwelt in Berlin: der Umweltkalender der Stiftung Naturschutz Berlin CAMPACT.DE - Internet-Kampagnen zu aktuellen politischen Entscheidungen in Deutschland C\u00e1\u00f1amo - La historia de una valiosa planta satanizada Chia (Salvia hispanica) - Alimento b\u00e1sico\u2026","rel":"","context":"\u00c4hnlicher Beitrag","block_context":{"text":"\u00c4hnlicher Beitrag","link":""},"img":{"alt_text":"","src":"","width":0,"height":0},"classes":[]},{"id":795,"url":"https:\/\/www.el-pan-alegre.org\/wordpress\/en-buenas-manos-e-v\/was-wollen-wir\/vereinssatzung\/","url_meta":{"origin":811,"position":1},"title":"Vereinssatzung","author":"Madeleine Porr","date":"30. August 2015","format":false,"excerpt":"\u00bbEN BUENAS MANOS\u00ab e.V. (dt.: \u00bbIn Guten H\u00e4nden\u00ab) \u00a7 1 Name, Rechtsform, Sitz, Gesch\u00e4ftsjahr Der Verein f\u00fchrt den Namen \u00bbEn Buenas Manos\u00ab e.V. Der Verein hat seinen Sitz in Berlin, Deutschland. Der Verein soll in das Vereinsregister eingetragen werden. Das Gesch\u00e4ftsjahr ist das Kalenderjahr. Das erste Rumpfgesch\u00e4ftsjahr endet am 31.12.2005.\u2026","rel":"","context":"\u00c4hnlicher Beitrag","block_context":{"text":"\u00c4hnlicher Beitrag","link":""},"img":{"alt_text":"","src":"","width":0,"height":0},"classes":[]},{"id":517,"url":"https:\/\/www.el-pan-alegre.org\/wordpress\/en-buenas-manos-e-v\/zum-verein\/impressum\/","url_meta":{"origin":811,"position":2},"title":"Impressum","author":"Anja Mocker","date":"22. April 2015","format":false,"excerpt":"En Buenas Manos e.V. (dt.: \u00bbIn Guten H\u00e4nden\u00ab) \u2013 Gemeinn\u00fctziger Verein zur F\u00f6rderung der Kultur, der V\u00f6lkerverst\u00e4ndigung, der Natur und des Umweltschutzes und Tr\u00e4gerverein des Projekts \u201eEl Pan Alegre - Das Fr\u00f6hliche Brot\u201c \u2013 (Vorsitzender: R. Gummlich, Strausberger Stra\u00dfe 37 \/ D-10243 Berlin) E-Mail: kontakt (at) el-pan-alegre (dot) org Das\u2026","rel":"","context":"\u00c4hnlicher Beitrag","block_context":{"text":"\u00c4hnlicher Beitrag","link":""},"img":{"alt_text":"","src":"https:\/\/i0.wp.com\/www.el-pan-alegre.org\/wordpress\/wp-content\/uploads\/2009\/01\/pict-by.png?resize=350%2C200","width":350,"height":200},"classes":[]},{"id":803,"url":"https:\/\/www.el-pan-alegre.org\/wordpress\/en-buenas-manos-e-v\/was-wollen-wir\/unsere-werte-und-ziele\/","url_meta":{"origin":811,"position":3},"title":"Unsere Werte und Ziele","author":"Madeleine Porr","date":"30. August 2015","format":false,"excerpt":"Der Projekttr\u00e4ger EN BUENAS MANOS (spanisch f\u00fcr: IN GUTEN H\u00c4NDEN) e.V. wurde im September 2005 von Mitgliedern des IKN International Knowledge Network for Sustainable Development (S\u00fcd-S\u00fcd-Nord-Wissensnetzwerk f\u00fcr nachhaltige Entwicklung) an der Technischen Universit\u00e4t Berlin gegr\u00fcndet und ist als gemeinn\u00fctziger Verein zur F\u00f6rderung der Kultur, der V\u00f6lkerverst\u00e4ndigung, der Natur und des\u2026","rel":"","context":"\u00c4hnlicher Beitrag","block_context":{"text":"\u00c4hnlicher Beitrag","link":""},"img":{"alt_text":"","src":"","width":0,"height":0},"classes":[]},{"id":2193,"url":"https:\/\/www.el-pan-alegre.org\/wordpress\/en-buenas-manos-e-v\/zum-verein\/","url_meta":{"origin":811,"position":4},"title":"Zum Verein","author":"Madeleine Porr","date":"14. September 2019","format":false,"excerpt":"gegr. 2005, Sitz: Berlin institutioneller Tr\u00e4ger des Regionalentwicklungskonzepts El Pan Alegre - Das Fr\u00f6hliche Brot, Beispiel f\u00fcr geschlossene optimierte Stoffstromkreisl\u00e4ufe mit den Komponenten Amaranth und Biogas aus organischen Hausabf\u00e4llen aktuell 10 Mitglieder + 1 Ehrenmitglied, davon 5 aktiv (Vorstand, Workshops); Aktivit\u00e4ten aktuell in Berlin und Havanna\/Kuba Finanzierung aktuell durch Mitgliedsbeitr\u00e4ge,\u2026","rel":"","context":"\u00c4hnlicher Beitrag","block_context":{"text":"\u00c4hnlicher Beitrag","link":""},"img":{"alt_text":"","src":"","width":0,"height":0},"classes":[]},{"id":579,"url":"https:\/\/www.el-pan-alegre.org\/wordpress\/machen\/projekte-de\/","url_meta":{"origin":811,"position":5},"title":"Projekte Deutschland","author":"Anja Mocker","date":"22. April 2015","format":false,"excerpt":"Im FEZ-Berlin 2010-15 PARADIES WUHLHEIDE Im Prinzessinnengarten Berlin Im Theater am Rand \/ Oderbruch -\u00a0 Kindertheaterst\u00fcck \"Das Fr\u00f6hliche Brot\" -\u00a0 Amaranth-Kinderlied Im \u00d6kowerk Tornow Bei der Jahreskonferenz des Deutschen Nachhaltigkeitsrates Bei den Geschmackstagen in der Berliner Markthalle IX Beim Familienrenntag im Pferdesportpark Berlin-Karlshorst Beim Weihnachts-Lichtermarkt Berlin-Lichtenrade Beim Tag der Offenen\u2026","rel":"","context":"\u00c4hnlicher Beitrag","block_context":{"text":"\u00c4hnlicher Beitrag","link":""},"img":{"alt_text":"2013-Bundeskanzleramt","src":"https:\/\/i0.wp.com\/www.el-pan-alegre.org\/wordpress\/wp-content\/uploads\/2015\/04\/2013-Bundeskanzleramt-150x150.jpg?resize=350%2C200","width":350,"height":200},"classes":[]}],"_links":{"self":[{"href":"https:\/\/www.el-pan-alegre.org\/wordpress\/wp-json\/wp\/v2\/pages\/811","targetHints":{"allow":["GET"]}}],"collection":[{"href":"https:\/\/www.el-pan-alegre.org\/wordpress\/wp-json\/wp\/v2\/pages"}],"about":[{"href":"https:\/\/www.el-pan-alegre.org\/wordpress\/wp-json\/wp\/v2\/types\/page"}],"author":[{"embeddable":true,"href":"https:\/\/www.el-pan-alegre.org\/wordpress\/wp-json\/wp\/v2\/users\/2"}],"replies":[{"embeddable":true,"href":"https:\/\/www.el-pan-alegre.org\/wordpress\/wp-json\/wp\/v2\/comments?post=811"}],"version-history":[{"count":28,"href":"https:\/\/www.el-pan-alegre.org\/wordpress\/wp-json\/wp\/v2\/pages\/811\/revisions"}],"predecessor-version":[{"id":3175,"href":"https:\/\/www.el-pan-alegre.org\/wordpress\/wp-json\/wp\/v2\/pages\/811\/revisions\/3175"}],"up":[{"embeddable":true,"href":"https:\/\/www.el-pan-alegre.org\/wordpress\/wp-json\/wp\/v2\/pages\/497"}],"wp:attachment":[{"href":"https:\/\/www.el-pan-alegre.org\/wordpress\/wp-json\/wp\/v2\/media?parent=811"}],"curies":[{"name":"wp","href":"https:\/\/api.w.org\/{rel}","templated":true}]}}