{"id":519,"date":"2015-04-22T11:39:52","date_gmt":"2015-04-22T09:39:52","guid":{"rendered":"http:\/\/www.el-pan-alegre.org\/wordpress\/?page_id=519"},"modified":"2016-03-22T10:43:47","modified_gmt":"2016-03-22T09:43:47","slug":"konzepte","status":"publish","type":"page","link":"https:\/\/www.el-pan-alegre.org\/wordpress\/wissen\/konzepte\/","title":{"rendered":"Konzepte \/ Conceptos"},"content":{"rendered":"<ul>\n<li>\n<h1><strong><a href=\"http:\/\/www.el-pan-alegre.org\/wordpress\/wissen\/konzepte\/das-froehliche-brot-el-pan-alegre\/\">DAS FR\u00d6HLICHE BROT<\/a><\/strong><\/h1>\n<\/li>\n<li>\n<h1><a href=\"http:\/\/www.el-pan-alegre.org\/wordpress\/wissen\/konzepte\/el-pan-alegre\/\">EL PAN ALEGRE<\/a><\/h1>\n<\/li>\n<\/ul>\n","protected":false},"excerpt":{"rendered":"<p>DAS FR\u00d6HLICHE BROT EL PAN ALEGRE<\/p>\n","protected":false},"author":1,"featured_media":0,"parent":482,"menu_order":1,"comment_status":"closed","ping_status":"closed","template":"","meta":{"jetpack_post_was_ever_published":false,"footnotes":""},"class_list":["post-519","page","type-page","status-publish","hentry"],"yoast_head":"<!-- This site is optimized with the Yoast SEO plugin v27.5 - https:\/\/yoast.com\/product\/yoast-seo-wordpress\/ -->\n<title>Konzepte \/ Conceptos - El Pan Alegre<\/title>\n<meta name=\"robots\" content=\"index, follow, max-snippet:-1, max-image-preview:large, max-video-preview:-1\" \/>\n<link rel=\"canonical\" href=\"https:\/\/www.el-pan-alegre.org\/wordpress\/wissen\/konzepte\/\" \/>\n<meta property=\"og:locale\" content=\"de_DE\" \/>\n<meta property=\"og:type\" content=\"article\" \/>\n<meta property=\"og:title\" content=\"Konzepte \/ Conceptos - El Pan Alegre\" \/>\n<meta property=\"og:description\" content=\"DAS FR\u00d6HLICHE BROT EL PAN ALEGRE\" \/>\n<meta property=\"og:url\" content=\"https:\/\/www.el-pan-alegre.org\/wordpress\/wissen\/konzepte\/\" \/>\n<meta property=\"og:site_name\" content=\"El Pan Alegre\" \/>\n<meta property=\"article:modified_time\" content=\"2016-03-22T09:43:47+00:00\" \/>\n<meta name=\"twitter:card\" content=\"summary_large_image\" \/>\n<script type=\"application\/ld+json\" class=\"yoast-schema-graph\">{\"@context\":\"https:\\\/\\\/schema.org\",\"@graph\":[{\"@type\":\"WebPage\",\"@id\":\"https:\\\/\\\/www.el-pan-alegre.org\\\/wordpress\\\/wissen\\\/konzepte\\\/\",\"url\":\"https:\\\/\\\/www.el-pan-alegre.org\\\/wordpress\\\/wissen\\\/konzepte\\\/\",\"name\":\"Konzepte \\\/ Conceptos - El Pan Alegre\",\"isPartOf\":{\"@id\":\"https:\\\/\\\/www.el-pan-alegre.org\\\/wordpress\\\/#website\"},\"datePublished\":\"2015-04-22T09:39:52+00:00\",\"dateModified\":\"2016-03-22T09:43:47+00:00\",\"breadcrumb\":{\"@id\":\"https:\\\/\\\/www.el-pan-alegre.org\\\/wordpress\\\/wissen\\\/konzepte\\\/#breadcrumb\"},\"inLanguage\":\"de\",\"potentialAction\":[{\"@type\":\"ReadAction\",\"target\":[\"https:\\\/\\\/www.el-pan-alegre.org\\\/wordpress\\\/wissen\\\/konzepte\\\/\"]}]},{\"@type\":\"BreadcrumbList\",\"@id\":\"https:\\\/\\\/www.el-pan-alegre.org\\\/wordpress\\\/wissen\\\/konzepte\\\/#breadcrumb\",\"itemListElement\":[{\"@type\":\"ListItem\",\"position\":1,\"name\":\"Home\",\"item\":\"https:\\\/\\\/www.el-pan-alegre.org\\\/wordpress\\\/\"},{\"@type\":\"ListItem\",\"position\":2,\"name\":\"Wissen \\\/ Saber\",\"item\":\"https:\\\/\\\/www.el-pan-alegre.org\\\/wordpress\\\/wissen\\\/\"},{\"@type\":\"ListItem\",\"position\":3,\"name\":\"Konzepte \\\/ Conceptos\"}]},{\"@type\":\"WebSite\",\"@id\":\"https:\\\/\\\/www.el-pan-alegre.org\\\/wordpress\\\/#website\",\"url\":\"https:\\\/\\\/www.el-pan-alegre.org\\\/wordpress\\\/\",\"name\":\"El Pan Alegre\",\"description\":\"Das Fr\u00f6hliche Brot\",\"potentialAction\":[{\"@type\":\"SearchAction\",\"target\":{\"@type\":\"EntryPoint\",\"urlTemplate\":\"https:\\\/\\\/www.el-pan-alegre.org\\\/wordpress\\\/?s={search_term_string}\"},\"query-input\":{\"@type\":\"PropertyValueSpecification\",\"valueRequired\":true,\"valueName\":\"search_term_string\"}}],\"inLanguage\":\"de\"}]}<\/script>\n<!-- \/ Yoast SEO plugin. -->","yoast_head_json":{"title":"Konzepte \/ Conceptos - El Pan Alegre","robots":{"index":"index","follow":"follow","max-snippet":"max-snippet:-1","max-image-preview":"max-image-preview:large","max-video-preview":"max-video-preview:-1"},"canonical":"https:\/\/www.el-pan-alegre.org\/wordpress\/wissen\/konzepte\/","og_locale":"de_DE","og_type":"article","og_title":"Konzepte \/ Conceptos - El Pan Alegre","og_description":"DAS FR\u00d6HLICHE BROT EL PAN ALEGRE","og_url":"https:\/\/www.el-pan-alegre.org\/wordpress\/wissen\/konzepte\/","og_site_name":"El Pan Alegre","article_modified_time":"2016-03-22T09:43:47+00:00","twitter_card":"summary_large_image","schema":{"@context":"https:\/\/schema.org","@graph":[{"@type":"WebPage","@id":"https:\/\/www.el-pan-alegre.org\/wordpress\/wissen\/konzepte\/","url":"https:\/\/www.el-pan-alegre.org\/wordpress\/wissen\/konzepte\/","name":"Konzepte \/ Conceptos - El Pan Alegre","isPartOf":{"@id":"https:\/\/www.el-pan-alegre.org\/wordpress\/#website"},"datePublished":"2015-04-22T09:39:52+00:00","dateModified":"2016-03-22T09:43:47+00:00","breadcrumb":{"@id":"https:\/\/www.el-pan-alegre.org\/wordpress\/wissen\/konzepte\/#breadcrumb"},"inLanguage":"de","potentialAction":[{"@type":"ReadAction","target":["https:\/\/www.el-pan-alegre.org\/wordpress\/wissen\/konzepte\/"]}]},{"@type":"BreadcrumbList","@id":"https:\/\/www.el-pan-alegre.org\/wordpress\/wissen\/konzepte\/#breadcrumb","itemListElement":[{"@type":"ListItem","position":1,"name":"Home","item":"https:\/\/www.el-pan-alegre.org\/wordpress\/"},{"@type":"ListItem","position":2,"name":"Wissen \/ Saber","item":"https:\/\/www.el-pan-alegre.org\/wordpress\/wissen\/"},{"@type":"ListItem","position":3,"name":"Konzepte \/ Conceptos"}]},{"@type":"WebSite","@id":"https:\/\/www.el-pan-alegre.org\/wordpress\/#website","url":"https:\/\/www.el-pan-alegre.org\/wordpress\/","name":"El Pan Alegre","description":"Das Fr\u00f6hliche Brot","potentialAction":[{"@type":"SearchAction","target":{"@type":"EntryPoint","urlTemplate":"https:\/\/www.el-pan-alegre.org\/wordpress\/?s={search_term_string}"},"query-input":{"@type":"PropertyValueSpecification","valueRequired":true,"valueName":"search_term_string"}}],"inLanguage":"de"}]}},"jetpack_sharing_enabled":true,"jetpack_shortlink":"https:\/\/wp.me\/P62TDh-8n","jetpack-related-posts":[{"id":774,"url":"https:\/\/www.el-pan-alegre.org\/wordpress\/wissen\/konzepte\/das-froehliche-brot-el-pan-alegre\/","url_meta":{"origin":519,"position":0},"title":"Das Fr\u00f6hliche Brot","author":"Madeleine Porr","date":"14. Juli 2015","format":false,"excerpt":"DAS FR\u00d6HLICHE BROT - Flyer auf Deutsch (Au\u00dfenseite) DAS FR\u00d6HLICHE BROT - Flyer auf Deutsch (Innenseite) DAS FR\u00d6HLICHE BROT - deutsch DAS FR\u00d6HLICHE BROT - deutsch (Wikipedia) DAS FR\u00d6HLICHE BROT - Bildungsarbeit am Beispiel des Amaranth EL PAN ALEGRE - DAS FR\u00d6HLICHE BROT (Pressemitteilung Mai 2011)","rel":"","context":"\u00c4hnlicher Beitrag","block_context":{"text":"\u00c4hnlicher Beitrag","link":""},"img":{"alt_text":"","src":"","width":0,"height":0},"classes":[]},{"id":539,"url":"https:\/\/www.el-pan-alegre.org\/wordpress\/wissen\/downloads\/","url_meta":{"origin":519,"position":1},"title":"Downloads","author":"Anja Mocker","date":"22. April 2015","format":false,"excerpt":"Hier finden Sie alle Materialien von En Buenas Manos e.V. auf einen Blick \/ a continuaci\u00f3n ustedes encontrar\u00e1n todos los materiales disponibles sobre el trabajo de En Buenas Manos: Informationsmaterial \/ informaciones BESCHREIBUNG \/ DESCRIPCI\u00d3N: DAS FR\u00d6HLICHE BROT - Flyer auf Deutsch (Au\u00dfenseite) DAS FR\u00d6HLICHE BROT - Flyer auf Deutsch\u2026","rel":"","context":"\u00c4hnlicher Beitrag","block_context":{"text":"\u00c4hnlicher Beitrag","link":""},"img":{"alt_text":"","src":"","width":0,"height":0},"classes":[]},{"id":1179,"url":"https:\/\/www.el-pan-alegre.org\/wordpress\/machen\/projekte-de\/im-theater-am-rand-oderbruch\/","url_meta":{"origin":519,"position":2},"title":"Im Theater am Rand \/ Oderbruch","author":"Madeleine Porr","date":"25. Januar 2016","format":false,"excerpt":"A.\u00a0 Kindertheaterst\u00fcck \"Das Fr\u00f6hliche Brot\" Hintergrund-Info Titel 1. Akt 2. Akt Auff\u00fchrung B.\u00a0 Amaranth-Kinderlied \"Das Amaranth-Lied\" (Musik + Text: Tobias Morgenster; Gesang: Katarina Krolls FEZi-Strolche; Aufnahme, Mix + Schnitt: Dirk Meier \/ gesponsert von der Landesmusikakademie im FEZ-Berlin) Note in A Note in C Note in D Note in G\u2026","rel":"","context":"\u00c4hnlicher Beitrag","block_context":{"text":"\u00c4hnlicher Beitrag","link":""},"img":{"alt_text":"Kindertheaterstueck","src":"https:\/\/i0.wp.com\/www.el-pan-alegre.org\/wordpress\/wp-content\/uploads\/2016\/01\/Kindertheaterstueck-1024x768.jpg?resize=350%2C200","width":350,"height":200,"srcset":"https:\/\/i0.wp.com\/www.el-pan-alegre.org\/wordpress\/wp-content\/uploads\/2016\/01\/Kindertheaterstueck-1024x768.jpg?resize=350%2C200 1x, https:\/\/i0.wp.com\/www.el-pan-alegre.org\/wordpress\/wp-content\/uploads\/2016\/01\/Kindertheaterstueck-1024x768.jpg?resize=525%2C300 1.5x"},"classes":[]},{"id":517,"url":"https:\/\/www.el-pan-alegre.org\/wordpress\/en-buenas-manos-e-v\/zum-verein\/impressum\/","url_meta":{"origin":519,"position":3},"title":"Impressum","author":"Anja Mocker","date":"22. April 2015","format":false,"excerpt":"En Buenas Manos e.V. (dt.: \u00bbIn Guten H\u00e4nden\u00ab) \u2013 Gemeinn\u00fctziger Verein zur F\u00f6rderung der Kultur, der V\u00f6lkerverst\u00e4ndigung, der Natur und des Umweltschutzes und Tr\u00e4gerverein des Projekts \u201eEl Pan Alegre - Das Fr\u00f6hliche Brot\u201c \u2013 (Vorsitzender: R. Gummlich, Strausberger Stra\u00dfe 37 \/ D-10243 Berlin) E-Mail: kontakt (at) el-pan-alegre (dot) org Das\u2026","rel":"","context":"\u00c4hnlicher Beitrag","block_context":{"text":"\u00c4hnlicher Beitrag","link":""},"img":{"alt_text":"","src":"https:\/\/i0.wp.com\/www.el-pan-alegre.org\/wordpress\/wp-content\/uploads\/2009\/01\/pict-by.png?resize=350%2C200","width":350,"height":200},"classes":[]},{"id":482,"url":"https:\/\/www.el-pan-alegre.org\/wordpress\/wissen\/","url_meta":{"origin":519,"position":4},"title":"Wissen \/ Saber","author":"Anja Mocker","date":"22. April 2015","format":false,"excerpt":"THEMEN \/ TEMAS KONZEPTE \/ CONCEPTOS DOWNLOADS \u00a0","rel":"","context":"\u00c4hnlicher Beitrag","block_context":{"text":"\u00c4hnlicher Beitrag","link":""},"img":{"alt_text":"","src":"","width":0,"height":0},"classes":[]},{"id":579,"url":"https:\/\/www.el-pan-alegre.org\/wordpress\/machen\/projekte-de\/","url_meta":{"origin":519,"position":5},"title":"Projekte Deutschland","author":"Anja Mocker","date":"22. April 2015","format":false,"excerpt":"Im FEZ-Berlin 2010-15 PARADIES WUHLHEIDE Im Prinzessinnengarten Berlin Im Theater am Rand \/ Oderbruch -\u00a0 Kindertheaterst\u00fcck \"Das Fr\u00f6hliche Brot\" -\u00a0 Amaranth-Kinderlied Im \u00d6kowerk Tornow Bei der Jahreskonferenz des Deutschen Nachhaltigkeitsrates Bei den Geschmackstagen in der Berliner Markthalle IX Beim Familienrenntag im Pferdesportpark Berlin-Karlshorst Beim Weihnachts-Lichtermarkt Berlin-Lichtenrade Beim Tag der Offenen\u2026","rel":"","context":"\u00c4hnlicher Beitrag","block_context":{"text":"\u00c4hnlicher Beitrag","link":""},"img":{"alt_text":"2013-Bundeskanzleramt","src":"https:\/\/i0.wp.com\/www.el-pan-alegre.org\/wordpress\/wp-content\/uploads\/2015\/04\/2013-Bundeskanzleramt-150x150.jpg?resize=350%2C200","width":350,"height":200},"classes":[]}],"_links":{"self":[{"href":"https:\/\/www.el-pan-alegre.org\/wordpress\/wp-json\/wp\/v2\/pages\/519","targetHints":{"allow":["GET"]}}],"collection":[{"href":"https:\/\/www.el-pan-alegre.org\/wordpress\/wp-json\/wp\/v2\/pages"}],"about":[{"href":"https:\/\/www.el-pan-alegre.org\/wordpress\/wp-json\/wp\/v2\/types\/page"}],"author":[{"embeddable":true,"href":"https:\/\/www.el-pan-alegre.org\/wordpress\/wp-json\/wp\/v2\/users\/1"}],"replies":[{"embeddable":true,"href":"https:\/\/www.el-pan-alegre.org\/wordpress\/wp-json\/wp\/v2\/comments?post=519"}],"version-history":[{"count":6,"href":"https:\/\/www.el-pan-alegre.org\/wordpress\/wp-json\/wp\/v2\/pages\/519\/revisions"}],"predecessor-version":[{"id":1374,"href":"https:\/\/www.el-pan-alegre.org\/wordpress\/wp-json\/wp\/v2\/pages\/519\/revisions\/1374"}],"up":[{"embeddable":true,"href":"https:\/\/www.el-pan-alegre.org\/wordpress\/wp-json\/wp\/v2\/pages\/482"}],"wp:attachment":[{"href":"https:\/\/www.el-pan-alegre.org\/wordpress\/wp-json\/wp\/v2\/media?parent=519"}],"curies":[{"name":"wp","href":"https:\/\/api.w.org\/{rel}","templated":true}]}}

<ul>
<li>
<h1><strong><a href="http://www.el-pan-alegre.org/wordpress/wissen/konzepte/das-froehliche-brot-el-pan-alegre/">DAS FRÖHLICHE BROT</a></strong></h1>
</li>
<li>
<h1><a href="http://www.el-pan-alegre.org/wordpress/wissen/konzepte/el-pan-alegre/">EL PAN ALEGRE</a></h1>
</li>
</ul>

<p>DAS FRÖHLICHE BROT EL PAN ALEGRE</p>

<!-- This site is optimized with the Yoast SEO plugin v27.5 - https://yoast.com/product/yoast-seo-wordpress/ -->
<title>Konzepte / Conceptos - El Pan Alegre</title>
<meta name="robots" content="index, follow, max-snippet:-1, max-image-preview:large, max-video-preview:-1" />
<link rel="canonical" href="https://www.el-pan-alegre.org/wordpress/wissen/konzepte/" />
<meta property="og:locale" content="de_DE" />
<meta property="og:type" content="article" />
<meta property="og:title" content="Konzepte / Conceptos - El Pan Alegre" />
<meta property="og:description" content="DAS FRÖHLICHE BROT EL PAN ALEGRE" />
<meta property="og:url" content="https://www.el-pan-alegre.org/wordpress/wissen/konzepte/" />
<meta property="og:site_name" content="El Pan Alegre" />
<meta property="article:modified_time" content="2016-03-22T09:43:47+00:00" />
<meta name="twitter:card" content="summary_large_image" />
<script type="application/ld+json" class="yoast-schema-graph">{"@context":"https:\/\/schema.org","@graph":[{"@type":"WebPage","@id":"https:\/\/www.el-pan-alegre.org\/wordpress\/wissen\/konzepte\/","url":"https:\/\/www.el-pan-alegre.org\/wordpress\/wissen\/konzepte\/","name":"Konzepte \/ Conceptos - El Pan Alegre","isPartOf":{"@id":"https:\/\/www.el-pan-alegre.org\/wordpress\/#website"},"datePublished":"2015-04-22T09:39:52+00:00","dateModified":"2016-03-22T09:43:47+00:00","breadcrumb":{"@id":"https:\/\/www.el-pan-alegre.org\/wordpress\/wissen\/konzepte\/#breadcrumb"},"inLanguage":"de","potentialAction":[{"@type":"ReadAction","target":["https:\/\/www.el-pan-alegre.org\/wordpress\/wissen\/konzepte\/"]}]},{"@type":"BreadcrumbList","@id":"https:\/\/www.el-pan-alegre.org\/wordpress\/wissen\/konzepte\/#breadcrumb","itemListElement":[{"@type":"ListItem","position":1,"name":"Home","item":"https:\/\/www.el-pan-alegre.org\/wordpress\/"},{"@type":"ListItem","position":2,"name":"Wissen \/ Saber","item":"https:\/\/www.el-pan-alegre.org\/wordpress\/wissen\/"},{"@type":"ListItem","position":3,"name":"Konzepte \/ Conceptos"}]},{"@type":"WebSite","@id":"https:\/\/www.el-pan-alegre.org\/wordpress\/#website","url":"https:\/\/www.el-pan-alegre.org\/wordpress\/","name":"El Pan Alegre","description":"Das Fröhliche Brot","potentialAction":[{"@type":"SearchAction","target":{"@type":"EntryPoint","urlTemplate":"https:\/\/www.el-pan-alegre.org\/wordpress\/?s={search_term_string}"},"query-input":{"@type":"PropertyValueSpecification","valueRequired":true,"valueName":"search_term_string"}}],"inLanguage":"de"}]}</script>
<!-- / Yoast SEO plugin. -->

DAS FRÖHLICHE BROT EL PAN ALEGRE

Das Fröhliche Brot

DAS FRÖHLICHE BROT - Flyer auf Deutsch (Außenseite) DAS FRÖHLICHE BROT - Flyer auf Deutsch (Innenseite) DAS FRÖHLICHE BROT - deutsch DAS FRÖHLICHE BROT - deutsch (Wikipedia) DAS FRÖHLICHE BROT - Bildungsarbeit am Beispiel des Amaranth EL PAN ALEGRE - DAS FRÖHLICHE BROT (Pressemitteilung Mai 2011)

Ähnlicher Beitrag

Hier finden Sie alle Materialien von En Buenas Manos e.V. auf einen Blick / a continuación ustedes encontrarán todos los materiales disponibles sobre el trabajo de En Buenas Manos: Informationsmaterial / informaciones BESCHREIBUNG / DESCRIPCIÓN: DAS FRÖHLICHE BROT - Flyer auf Deutsch (Außenseite) DAS FRÖHLICHE BROT - Flyer auf Deutsch…

A.  Kindertheaterstück "Das Fröhliche Brot" Hintergrund-Info Titel 1. Akt 2. Akt Aufführung B.  Amaranth-Kinderlied "Das Amaranth-Lied" (Musik + Text: Tobias Morgenster; Gesang: Katarina Krolls FEZi-Strolche; Aufnahme, Mix + Schnitt: Dirk Meier / gesponsert von der Landesmusikakademie im FEZ-Berlin) Note in A Note in C Note in D Note in G…

En Buenas Manos e.V. (dt.: »In Guten Händen«) – Gemeinnütziger Verein zur Förderung der Kultur, der Völkerverständigung, der Natur und des Umweltschutzes und Trägerverein des Projekts „El Pan Alegre - Das Fröhliche Brot“ – (Vorsitzender: R. Gummlich, Strausberger Straße 37 / D-10243 Berlin) E-Mail: kontakt (at) el-pan-alegre (dot) org Das…

Im FEZ-Berlin 2010-15 PARADIES WUHLHEIDE Im Prinzessinnengarten Berlin Im Theater am Rand / Oderbruch -  Kindertheaterstück "Das Fröhliche Brot" -  Amaranth-Kinderlied Im Ökowerk Tornow Bei der Jahreskonferenz des Deutschen Nachhaltigkeitsrates Bei den Geschmackstagen in der Berliner Markthalle IX Beim Familienrenntag im Pferdesportpark Berlin-Karlshorst Beim Weihnachts-Lichtermarkt Berlin-Lichtenrade Beim Tag der Offenen…
