{"id":1851,"date":"2018-01-05T12:45:33","date_gmt":"2018-01-05T11:45:33","guid":{"rendered":"http:\/\/www.el-pan-alegre.org\/wordpress\/?page_id=1851"},"modified":"2018-01-05T12:53:20","modified_gmt":"2018-01-05T11:53:20","slug":"aktivitaeten-in-kuba-und-mexiko","status":"publish","type":"page","link":"https:\/\/www.el-pan-alegre.org\/wordpress\/machen\/aktivitaeten-in-kuba-und-mexiko\/","title":{"rendered":"Aktivit\u00e4ten in Kuba und Mexiko"},"content":{"rendered":"<ul>\n<li>\n<h1><strong>siehe BLOG-Beitr\u00e4ge: <a href=\"http:\/\/www.el-pan-alegre.org\/wordpress\/?s=kuba&amp;submit=Suchen\">KUBA<\/a><\/strong><\/h1>\n<\/li>\n<li>\n<h1><strong>siehe BLOG-Beitr\u00e4ge: <\/strong><a href=\"http:\/\/www.el-pan-alegre.org\/wordpress\/?s=mexiko&amp;submit=Suchen\">MEXIKO<\/a><\/h1>\n<\/li>\n<li><strong>19.-21.02.2013 Havanna\/Kuba:<br \/>\na) PR\u00c4SENTATION <a href=\"http:\/\/www.el-pan-alegre.org\/wordpress\/?s=Tahiti-Projekt&amp;submit=Suchen\">\u201eDas Tahiti-Projekt\/El Proyecto Tahit\u00ed\u201c<\/a> <\/strong>bei der<br \/>\nXXII Internationalen Buchmesse Havanna<strong><br \/>\nb) KOLLOQUIUM <a href=\"http:\/\/www.el-pan-alegre.org\/wordpress\/?s=kolloquium&amp;submit=Suchen\">\u201eDie Zukunft gestalten mit lokaler Kraft\u201c<\/a><br \/>\n<\/strong>in der Kubanischen Vertretung der Vereinten Nationen<\/li>\n<\/ul>\n","protected":false},"excerpt":{"rendered":"<p>siehe BLOG-Beitr\u00e4ge: KUBA siehe BLOG-Beitr\u00e4ge: MEXIKO 19.-21.02.2013 Havanna\/Kuba: a) PR\u00c4SENTATION \u201eDas Tahiti-Projekt\/El Proyecto Tahit\u00ed\u201c bei der XXII Internationalen Buchmesse Havanna b) KOLLOQUIUM \u201eDie Zukunft gestalten mit lokaler Kraft\u201c in der Kubanischen Vertretung der Vereinten Nationen<\/p>\n","protected":false},"author":2,"featured_media":0,"parent":486,"menu_order":2,"comment_status":"closed","ping_status":"closed","template":"","meta":{"jetpack_post_was_ever_published":false,"footnotes":""},"class_list":["post-1851","page","type-page","status-publish","hentry"],"yoast_head":"<!-- This site is optimized with the Yoast SEO plugin v27.3 - https:\/\/yoast.com\/product\/yoast-seo-wordpress\/ -->\n<title>Aktivit\u00e4ten in Kuba und Mexiko - El Pan Alegre<\/title>\n<meta name=\"robots\" content=\"index, follow, max-snippet:-1, max-image-preview:large, max-video-preview:-1\" \/>\n<link rel=\"canonical\" href=\"https:\/\/www.el-pan-alegre.org\/wordpress\/machen\/aktivitaeten-in-kuba-und-mexiko\/\" \/>\n<meta property=\"og:locale\" content=\"de_DE\" \/>\n<meta property=\"og:type\" content=\"article\" \/>\n<meta property=\"og:title\" content=\"Aktivit\u00e4ten in Kuba und Mexiko - El Pan Alegre\" \/>\n<meta property=\"og:description\" content=\"siehe BLOG-Beitr\u00e4ge: KUBA siehe BLOG-Beitr\u00e4ge: MEXIKO 19.-21.02.2013 Havanna\/Kuba: a) PR\u00c4SENTATION \u201eDas Tahiti-Projekt\/El Proyecto Tahit\u00ed\u201c bei der XXII Internationalen Buchmesse Havanna b) KOLLOQUIUM \u201eDie Zukunft gestalten mit lokaler Kraft\u201c in der Kubanischen Vertretung der Vereinten Nationen\" \/>\n<meta property=\"og:url\" content=\"https:\/\/www.el-pan-alegre.org\/wordpress\/machen\/aktivitaeten-in-kuba-und-mexiko\/\" \/>\n<meta property=\"og:site_name\" content=\"El Pan Alegre\" \/>\n<meta property=\"article:modified_time\" content=\"2018-01-05T11:53:20+00:00\" \/>\n<meta name=\"twitter:card\" content=\"summary_large_image\" \/>\n<script type=\"application\/ld+json\" class=\"yoast-schema-graph\">{\"@context\":\"https:\\\/\\\/schema.org\",\"@graph\":[{\"@type\":\"WebPage\",\"@id\":\"https:\\\/\\\/www.el-pan-alegre.org\\\/wordpress\\\/machen\\\/aktivitaeten-in-kuba-und-mexiko\\\/\",\"url\":\"https:\\\/\\\/www.el-pan-alegre.org\\\/wordpress\\\/machen\\\/aktivitaeten-in-kuba-und-mexiko\\\/\",\"name\":\"Aktivit\u00e4ten in Kuba und Mexiko - El Pan Alegre\",\"isPartOf\":{\"@id\":\"https:\\\/\\\/www.el-pan-alegre.org\\\/wordpress\\\/#website\"},\"datePublished\":\"2018-01-05T11:45:33+00:00\",\"dateModified\":\"2018-01-05T11:53:20+00:00\",\"breadcrumb\":{\"@id\":\"https:\\\/\\\/www.el-pan-alegre.org\\\/wordpress\\\/machen\\\/aktivitaeten-in-kuba-und-mexiko\\\/#breadcrumb\"},\"inLanguage\":\"de\",\"potentialAction\":[{\"@type\":\"ReadAction\",\"target\":[\"https:\\\/\\\/www.el-pan-alegre.org\\\/wordpress\\\/machen\\\/aktivitaeten-in-kuba-und-mexiko\\\/\"]}]},{\"@type\":\"BreadcrumbList\",\"@id\":\"https:\\\/\\\/www.el-pan-alegre.org\\\/wordpress\\\/machen\\\/aktivitaeten-in-kuba-und-mexiko\\\/#breadcrumb\",\"itemListElement\":[{\"@type\":\"ListItem\",\"position\":1,\"name\":\"Home\",\"item\":\"https:\\\/\\\/www.el-pan-alegre.org\\\/wordpress\\\/\"},{\"@type\":\"ListItem\",\"position\":2,\"name\":\"Machen \\\/ Hacer\",\"item\":\"https:\\\/\\\/www.el-pan-alegre.org\\\/wordpress\\\/machen\\\/\"},{\"@type\":\"ListItem\",\"position\":3,\"name\":\"Aktivit\u00e4ten in Kuba und Mexiko\"}]},{\"@type\":\"WebSite\",\"@id\":\"https:\\\/\\\/www.el-pan-alegre.org\\\/wordpress\\\/#website\",\"url\":\"https:\\\/\\\/www.el-pan-alegre.org\\\/wordpress\\\/\",\"name\":\"El Pan Alegre\",\"description\":\"Das Fr\u00f6hliche Brot\",\"potentialAction\":[{\"@type\":\"SearchAction\",\"target\":{\"@type\":\"EntryPoint\",\"urlTemplate\":\"https:\\\/\\\/www.el-pan-alegre.org\\\/wordpress\\\/?s={search_term_string}\"},\"query-input\":{\"@type\":\"PropertyValueSpecification\",\"valueRequired\":true,\"valueName\":\"search_term_string\"}}],\"inLanguage\":\"de\"}]}<\/script>\n<!-- \/ Yoast SEO plugin. -->","yoast_head_json":{"title":"Aktivit\u00e4ten in Kuba und Mexiko - El Pan Alegre","robots":{"index":"index","follow":"follow","max-snippet":"max-snippet:-1","max-image-preview":"max-image-preview:large","max-video-preview":"max-video-preview:-1"},"canonical":"https:\/\/www.el-pan-alegre.org\/wordpress\/machen\/aktivitaeten-in-kuba-und-mexiko\/","og_locale":"de_DE","og_type":"article","og_title":"Aktivit\u00e4ten in Kuba und Mexiko - El Pan Alegre","og_description":"siehe BLOG-Beitr\u00e4ge: KUBA siehe BLOG-Beitr\u00e4ge: MEXIKO 19.-21.02.2013 Havanna\/Kuba: a) PR\u00c4SENTATION \u201eDas Tahiti-Projekt\/El Proyecto Tahit\u00ed\u201c bei der XXII Internationalen Buchmesse Havanna b) KOLLOQUIUM \u201eDie Zukunft gestalten mit lokaler Kraft\u201c in der Kubanischen Vertretung der Vereinten Nationen","og_url":"https:\/\/www.el-pan-alegre.org\/wordpress\/machen\/aktivitaeten-in-kuba-und-mexiko\/","og_site_name":"El Pan Alegre","article_modified_time":"2018-01-05T11:53:20+00:00","twitter_card":"summary_large_image","schema":{"@context":"https:\/\/schema.org","@graph":[{"@type":"WebPage","@id":"https:\/\/www.el-pan-alegre.org\/wordpress\/machen\/aktivitaeten-in-kuba-und-mexiko\/","url":"https:\/\/www.el-pan-alegre.org\/wordpress\/machen\/aktivitaeten-in-kuba-und-mexiko\/","name":"Aktivit\u00e4ten in Kuba und Mexiko - El Pan Alegre","isPartOf":{"@id":"https:\/\/www.el-pan-alegre.org\/wordpress\/#website"},"datePublished":"2018-01-05T11:45:33+00:00","dateModified":"2018-01-05T11:53:20+00:00","breadcrumb":{"@id":"https:\/\/www.el-pan-alegre.org\/wordpress\/machen\/aktivitaeten-in-kuba-und-mexiko\/#breadcrumb"},"inLanguage":"de","potentialAction":[{"@type":"ReadAction","target":["https:\/\/www.el-pan-alegre.org\/wordpress\/machen\/aktivitaeten-in-kuba-und-mexiko\/"]}]},{"@type":"BreadcrumbList","@id":"https:\/\/www.el-pan-alegre.org\/wordpress\/machen\/aktivitaeten-in-kuba-und-mexiko\/#breadcrumb","itemListElement":[{"@type":"ListItem","position":1,"name":"Home","item":"https:\/\/www.el-pan-alegre.org\/wordpress\/"},{"@type":"ListItem","position":2,"name":"Machen \/ Hacer","item":"https:\/\/www.el-pan-alegre.org\/wordpress\/machen\/"},{"@type":"ListItem","position":3,"name":"Aktivit\u00e4ten in Kuba und Mexiko"}]},{"@type":"WebSite","@id":"https:\/\/www.el-pan-alegre.org\/wordpress\/#website","url":"https:\/\/www.el-pan-alegre.org\/wordpress\/","name":"El Pan Alegre","description":"Das Fr\u00f6hliche Brot","potentialAction":[{"@type":"SearchAction","target":{"@type":"EntryPoint","urlTemplate":"https:\/\/www.el-pan-alegre.org\/wordpress\/?s={search_term_string}"},"query-input":{"@type":"PropertyValueSpecification","valueRequired":true,"valueName":"search_term_string"}}],"inLanguage":"de"}]}},"jetpack_sharing_enabled":true,"jetpack_shortlink":"https:\/\/wp.me\/P62TDh-tR","jetpack-related-posts":[{"id":488,"url":"https:\/\/www.el-pan-alegre.org\/wordpress\/galerie\/","url_meta":{"origin":1851,"position":0},"title":"Film-\/Fotogalerie","author":"Anja Mocker","date":"22. April 2015","format":false,"excerpt":"+ + +\u00a0 s. auch Blogspot\u00a0 + + + FILM \"Nachhaltig stark und schlau!\" (7:44 Min.) Bildung f\u00fcr nachhaltige Entwicklung; En Buenas Manos e. V. & FEZ-Berlin, 2012 FOTOSHOWS 2009: Probeworkshop im FEZ - \"Abenteuer Gesundheit\" 2010: Start im FEZ-Berlin 2010: AMARANTH-Thementag in der FEZitty, der Sommerferien-Kinderhauptstadt 2010: AMARANTH im\u2026","rel":"","context":"\u00c4hnlicher Beitrag","block_context":{"text":"\u00c4hnlicher Beitrag","link":""},"img":{"alt_text":"","src":"","width":0,"height":0},"classes":[]},{"id":861,"url":"https:\/\/www.el-pan-alegre.org\/wordpress\/galerie\/2011-das-jahr-in-fotos-berlin-kuba-mexiko\/","url_meta":{"origin":1851,"position":1},"title":"2011: das Jahr in Fotos (Deutschland, Kuba, Mexiko)","author":"Madeleine Porr","date":"30. August 2015","format":false,"excerpt":"\u00a0 * * *","rel":"","context":"\u00c4hnlicher Beitrag","block_context":{"text":"\u00c4hnlicher Beitrag","link":""},"img":{"alt_text":"","src":"","width":0,"height":0},"classes":[]},{"id":486,"url":"https:\/\/www.el-pan-alegre.org\/wordpress\/machen\/","url_meta":{"origin":1851,"position":2},"title":"Machen \/ Hacer","author":"Anja Mocker","date":"22. April 2015","format":false,"excerpt":"Projekte Deutschland Aktivit\u00e4ten in Kuba und Mexiko Actividades (Alemania, Cuba y M\u00e9xico) Vernetzung Kochen & Backen mit Amaranth","rel":"","context":"\u00c4hnlicher Beitrag","block_context":{"text":"\u00c4hnlicher Beitrag","link":""},"img":{"alt_text":"","src":"","width":0,"height":0},"classes":[]},{"id":1133,"url":"https:\/\/www.el-pan-alegre.org\/wordpress\/machen\/projekte-de\/im-fez-berlin\/","url_meta":{"origin":1851,"position":3},"title":"Im FEZ-Berlin 2010-15","author":"Madeleine Porr","date":"24. Januar 2016","format":false,"excerpt":"Referenzschreiben des FEZ-Berlin a)\u00a0 Amaranth-Workshops f\u00fcr Schulklassen: Start im FEZ \"Ein starkes Korn f\u00fcr starke Kinder!\" * Amaranth & Honig - ein starkes Team f\u00fcr starke Kinder! Amaranth-Reis-Woche b)\u00a0 Biogas-Workshops f\u00fcr Schulklassen: Der Schatz aus dem \"M\u00fcll\" c)\u00a0 Kreislauf-Workshops f\u00fcr Schulklassen: Die verborgenen Natursch\u00e4tze Sachbericht Foto-Dokumentation d)\u00a0 Kreislauf-Pr\u00e4sentationen bei Wochenendveranstaltungen\u2026","rel":"","context":"\u00c4hnlicher Beitrag","block_context":{"text":"\u00c4hnlicher Beitrag","link":""},"img":{"alt_text":"Team-1","src":"https:\/\/i0.wp.com\/www.el-pan-alegre.org\/wordpress\/wp-content\/uploads\/2016\/01\/Team-1-300x300.jpg?resize=350%2C200","width":350,"height":200},"classes":[]},{"id":2193,"url":"https:\/\/www.el-pan-alegre.org\/wordpress\/en-buenas-manos-e-v\/zum-verein\/","url_meta":{"origin":1851,"position":4},"title":"Zum Verein","author":"Madeleine Porr","date":"14. September 2019","format":false,"excerpt":"gegr. 2005, Sitz: Berlin institutioneller Tr\u00e4ger des Regionalentwicklungskonzepts El Pan Alegre - Das Fr\u00f6hliche Brot, Beispiel f\u00fcr geschlossene optimierte Stoffstromkreisl\u00e4ufe mit den Komponenten Amaranth und Biogas aus organischen Hausabf\u00e4llen aktuell 10 Mitglieder + 1 Ehrenmitglied, davon 5 aktiv (Vorstand, Workshops); Aktivit\u00e4ten aktuell in Berlin und Havanna\/Kuba Finanzierung aktuell durch Mitgliedsbeitr\u00e4ge,\u2026","rel":"","context":"\u00c4hnlicher Beitrag","block_context":{"text":"\u00c4hnlicher Beitrag","link":""},"img":{"alt_text":"","src":"","width":0,"height":0},"classes":[]},{"id":1795,"url":"https:\/\/www.el-pan-alegre.org\/wordpress\/en-buenas-manos-e-v\/was-machen-wir\/referenzen\/","url_meta":{"origin":1851,"position":5},"title":"Referenzen","author":"Madeleine Porr","date":"4. Januar 2018","format":false,"excerpt":"Deutschland FEZ-Berlin: Kooperation mit En Buenas Manos e. V. (Europas gr\u00f6\u00dftes gemeinn\u00fctziges Freizeit-, Bildungs- und Erholungszentrum, Berlin) FEZ-Berlin: Projekt \"Paradies Wuhlheide\" (Europas gr\u00f6\u00dftes gemeinn\u00fctziges Freizeit-, Bildungs- und Erholungszentrum, Berlin) FEZ-Berl\u00edn: proyecto \"Para\u00edso Wuhlheide\" (mayor centro europeo recreativo y educativo sin \u00e1nimo de lucro para familias, ni\u00f1@s y j\u00f3venes) Kuba CUBASOLAR\u2026","rel":"","context":"\u00c4hnlicher Beitrag","block_context":{"text":"\u00c4hnlicher Beitrag","link":""},"img":{"alt_text":"","src":"","width":0,"height":0},"classes":[]}],"_links":{"self":[{"href":"https:\/\/www.el-pan-alegre.org\/wordpress\/wp-json\/wp\/v2\/pages\/1851","targetHints":{"allow":["GET"]}}],"collection":[{"href":"https:\/\/www.el-pan-alegre.org\/wordpress\/wp-json\/wp\/v2\/pages"}],"about":[{"href":"https:\/\/www.el-pan-alegre.org\/wordpress\/wp-json\/wp\/v2\/types\/page"}],"author":[{"embeddable":true,"href":"https:\/\/www.el-pan-alegre.org\/wordpress\/wp-json\/wp\/v2\/users\/2"}],"replies":[{"embeddable":true,"href":"https:\/\/www.el-pan-alegre.org\/wordpress\/wp-json\/wp\/v2\/comments?post=1851"}],"version-history":[{"count":7,"href":"https:\/\/www.el-pan-alegre.org\/wordpress\/wp-json\/wp\/v2\/pages\/1851\/revisions"}],"predecessor-version":[{"id":1860,"href":"https:\/\/www.el-pan-alegre.org\/wordpress\/wp-json\/wp\/v2\/pages\/1851\/revisions\/1860"}],"up":[{"embeddable":true,"href":"https:\/\/www.el-pan-alegre.org\/wordpress\/wp-json\/wp\/v2\/pages\/486"}],"wp:attachment":[{"href":"https:\/\/www.el-pan-alegre.org\/wordpress\/wp-json\/wp\/v2\/media?parent=1851"}],"curies":[{"name":"wp","href":"https:\/\/api.w.org\/{rel}","templated":true}]}}