{"id":1133,"date":"2016-01-24T19:34:11","date_gmt":"2016-01-24T18:34:11","guid":{"rendered":"http:\/\/www.el-pan-alegre.org\/wordpress\/?page_id=1133"},"modified":"2018-12-14T00:10:00","modified_gmt":"2018-12-13T23:10:00","slug":"im-fez-berlin","status":"publish","type":"page","link":"https:\/\/www.el-pan-alegre.org\/wordpress\/machen\/projekte-de\/im-fez-berlin\/","title":{"rendered":"Im FEZ-Berlin 2010-15"},"content":{"rendered":"<h1 style=\"text-align: center;\"><a href=\"http:\/\/www.el-pan-alegre.org\/wordpress\/wp-content\/uploads\/2018\/12\/2012_11_06.-RefFEZ_EBM-PORR.pdf\">Referenzschreiben<\/a><br \/>\ndes FEZ-Berlin<\/h1>\n<h1><a href=\"http:\/\/www.el-pan-alegre.org\/wordpress\/wp-content\/uploads\/2016\/01\/Team-1.jpg\"><img loading=\"lazy\" decoding=\"async\" class=\"aligncenter wp-image-1229 size-medium\" src=\"http:\/\/www.el-pan-alegre.org\/wordpress\/wp-content\/uploads\/2016\/01\/Team-1-300x300.jpg\" alt=\"Team-1\" width=\"300\" height=\"300\" srcset=\"https:\/\/www.el-pan-alegre.org\/wordpress\/wp-content\/uploads\/2016\/01\/Team-1-300x300.jpg 300w, https:\/\/www.el-pan-alegre.org\/wordpress\/wp-content\/uploads\/2016\/01\/Team-1-150x150.jpg 150w, https:\/\/www.el-pan-alegre.org\/wordpress\/wp-content\/uploads\/2016\/01\/Team-1-1024x1024.jpg 1024w, https:\/\/www.el-pan-alegre.org\/wordpress\/wp-content\/uploads\/2016\/01\/Team-1.jpg 1384w\" sizes=\"auto, (max-width: 300px) 100vw, 300px\" \/><\/a>a)\u00a0 Amaranth-Workshops f\u00fcr Schulklassen:<\/h1>\n<ul>\n<li>\n<h1><a href=\"https:\/\/picasaweb.google.com\/117097511313738696672\/AbenteuerGesundheit#slideshow\/5708061569363055298\">Start im FEZ<\/a><\/h1>\n<\/li>\n<li>\n<h2>&#8222;Ein starkes Korn f\u00fcr starke Kinder!&#8220; <span style=\"color: #ff0000;\"><strong>*<\/strong><\/span><\/h2>\n<\/li>\n<li>\n<h2><a href=\"http:\/\/www.el-pan-alegre.org\/Amaranth-Honig.mp4\">Amaranth &amp; Honig &#8211; ein starkes Team f\u00fcr starke Kinder!<\/a><\/h2>\n<\/li>\n<li>\n<h2><a href=\"http:\/\/www.el-pan-alegre.org\/2010_Workshop_Amaranth-Reis.pdf\" target=\"_blank\" rel=\"noopener\">Amaranth-Reis-Woche<\/a><\/h2>\n<\/li>\n<\/ul>\n<h1><a href=\"http:\/\/www.el-pan-alegre.org\/wordpress\/wp-content\/uploads\/2016\/01\/Team-4.jpg\"><img loading=\"lazy\" decoding=\"async\" class=\"aligncenter wp-image-1235 size-medium\" src=\"http:\/\/www.el-pan-alegre.org\/wordpress\/wp-content\/uploads\/2016\/01\/Team-4-300x231.jpg\" alt=\"Team-4\" width=\"300\" height=\"231\" srcset=\"https:\/\/www.el-pan-alegre.org\/wordpress\/wp-content\/uploads\/2016\/01\/Team-4-300x231.jpg 300w, https:\/\/www.el-pan-alegre.org\/wordpress\/wp-content\/uploads\/2016\/01\/Team-4-1024x789.jpg 1024w, https:\/\/www.el-pan-alegre.org\/wordpress\/wp-content\/uploads\/2016\/01\/Team-4-389x300.jpg 389w\" sizes=\"auto, (max-width: 300px) 100vw, 300px\" \/><\/a>b)\u00a0 Biogas-Workshops f\u00fcr Schulklassen: <a href=\"http:\/\/www.el-pan-alegre.org\/2014-Biogas-Workshop.mp4\">Der Schatz aus dem &#8222;M\u00fcll&#8220;<\/a><\/h1>\n<h1>c)\u00a0 Kreislauf-Workshops f\u00fcr Schulklassen: Die verborgenen Natursch\u00e4tze<\/h1>\n<ul>\n<li>\n<h1><a href=\"http:\/\/www.el-pan-alegre.org\/2011-Sachbericht_fuer_dieGesellschafter.pdf\">Sachbericht<\/a><\/h1>\n<\/li>\n<li>\n<h1><a href=\"https:\/\/picasaweb.google.com\/117097511313738696672\/FEZittySchatzsucheNachDemBuntenGold#slideshow\/5771427601826138578\">Foto-Dokumentation<\/a><\/h1>\n<\/li>\n<\/ul>\n<h1><a href=\"http:\/\/www.el-pan-alegre.org\/wordpress\/wp-content\/uploads\/2016\/01\/Team-3.jpg\"><img loading=\"lazy\" decoding=\"async\" class=\"aligncenter wp-image-1231 size-medium\" src=\"http:\/\/www.el-pan-alegre.org\/wordpress\/wp-content\/uploads\/2016\/01\/Team-3-300x225.jpg\" alt=\"Team-3\" width=\"300\" height=\"225\" srcset=\"https:\/\/www.el-pan-alegre.org\/wordpress\/wp-content\/uploads\/2016\/01\/Team-3-300x225.jpg 300w, https:\/\/www.el-pan-alegre.org\/wordpress\/wp-content\/uploads\/2016\/01\/Team-3-1024x768.jpg 1024w, https:\/\/www.el-pan-alegre.org\/wordpress\/wp-content\/uploads\/2016\/01\/Team-3-400x300.jpg 400w, https:\/\/www.el-pan-alegre.org\/wordpress\/wp-content\/uploads\/2016\/01\/Team-3.jpg 2048w\" sizes=\"auto, (max-width: 300px) 100vw, 300px\" \/><\/a>d)\u00a0 <a href=\"http:\/\/www.el-pan-alegre.org\/2010-15_Wochenendveranst_Amaranth-Biogas.pdf\" target=\"_blank\" rel=\"noopener\">Kreislauf-Pr\u00e4sentationen bei Wochenendveranstaltungen <\/a><span style=\"color: #ff0000;\">*<\/span><\/h1>\n<h1>e)\u00a0 Amaranthb\u00e4ckerei in der Sommerferien-Kinderhauptstadt FEZitty (<a href=\"http:\/\/www.el-pan-alegre.org\/2012-Sachbericht_fuer_DKHW.pdf\" target=\"_blank\" rel=\"noopener\">Sachbericht<\/a>)<\/h1>\n<h1>f)\u00a0 <a href=\"http:\/\/trickfilmreporter.org\/archiv\/articles\/die-geschichte-des-amaranth.html\" target=\"_blank\" rel=\"noopener\">Amaranth-Trickfilm<\/a> (in Kooperation mit <a href=\"http:\/\/radijojo.org\/de\" target=\"_blank\" rel=\"noopener\">radijojo!<\/a>)<\/h1>\n<h1>g)\u00a0 Umwelt-Scrabbleturnier Havanna-Berlin (in spanischer Sprache)<\/h1>\n<ul>\n<li>\n<h1><a href=\"http:\/\/www.el-pan-alegre.org\/wordpress\/galerie\/2011-torneo-de-scrabble-medioambiental-la-habana\/\">Anregung aus Kuba<\/a><\/h1>\n<\/li>\n<li>\n<h1><a href=\"http:\/\/www.el-pan-alegre.org\/wordpress\/galerie\/2011-umwelt-scrabbleturnier-havanna-berlin\/\">Torneo de Scrabble Medioambiental Berl\u00edn &#8211; Habana<\/a><br \/>\n(in Kooperation mit der <a href=\"http:\/\/www.hausburgschule.de\/\" target=\"_blank\" rel=\"noopener\">Hausburgschule &#8211; <\/a><a href=\"http:\/\/www.hausburgschule.de\/\" target=\"_blank\" rel=\"noopener\">Staatliche Europaschule<br \/>\n<\/a>mit der Sprachkombination Deutsch-Spanisch)<\/h1>\n<\/li>\n<\/ul>\n<h1>h)\u00a0 Amaranth-Kinderb\u00e4ckerei<\/h1>\n<ul>\n<li>\n<h1><a href=\"http:\/\/www.el-pan-alegre.org\/2012-Vorbereitung_Baeckerei.mp4\">Vorbereitung<\/a><\/h1>\n<\/li>\n<li>\n<h1><a href=\"http:\/\/www.el-pan-alegre.org\/wordpress\/galerie\/2012-eroeffnung-der-amaranth-kinderbaeckerei\/\">Er\u00f6ffnung<\/a><\/h1>\n<\/li>\n<li>\n<h1>in der<a href=\"https:\/\/picasaweb.google.com\/117097511313738696672\/NEUInFEZittyDieAmaranthKeksbackerei#slideshow\/5766226564516278610\"> Sommerferien-Kinderhauptstadt FEZitty<\/a><\/h1>\n<\/li>\n<li>\n<h1><a href=\"http:\/\/www.el-pan-alegre.org\/wordpress\/galerie\/2012-abschlussfest-amaranth-kinderbaeckerei\/\">Erntedank- und Abschlussfest<\/a><\/h1>\n<\/li>\n<\/ul>\n<h1><a href=\"http:\/\/www.el-pan-alegre.org\/wordpress\/wp-content\/uploads\/2016\/01\/Team-2.jpg\"><img loading=\"lazy\" decoding=\"async\" class=\"aligncenter wp-image-1230 size-medium\" src=\"http:\/\/www.el-pan-alegre.org\/wordpress\/wp-content\/uploads\/2016\/01\/Team-2-300x179.jpg\" alt=\"Team-2\" width=\"300\" height=\"179\" srcset=\"https:\/\/www.el-pan-alegre.org\/wordpress\/wp-content\/uploads\/2016\/01\/Team-2-300x179.jpg 300w, https:\/\/www.el-pan-alegre.org\/wordpress\/wp-content\/uploads\/2016\/01\/Team-2-1024x612.jpg 1024w, https:\/\/www.el-pan-alegre.org\/wordpress\/wp-content\/uploads\/2016\/01\/Team-2-500x300.jpg 500w\" sizes=\"auto, (max-width: 300px) 100vw, 300px\" \/><\/a><\/h1>\n<h1>j)\u00a0 <a href=\"http:\/\/wp.me\/p62TDh-N\">Amaranth-Kinderlied<\/a> (mit den FEZi-Strolchen &amp; der Landesmusikakademie)<\/h1>\n<h1>k)\u00a0 Dokumentarfilm <a href=\"https:\/\/www.youtube.com\/watch?v=R0SJi0d9ybY\" target=\"_blank\" rel=\"noopener\">&#8222;Nachhaltig stark &amp; schlau!&#8220;<\/a><\/h1>\n<h1>l)\u00a0 Ausstellung <a href=\"http:\/\/www.el-pan-alegre.org\/wordpress\/9-grenzenlos-gesund-essen\/\">&#8222;Grenzenlos gesund essen!&#8220; <\/a>(Dokumentation <a href=\"http:\/\/www.el-pan-alegre.org\/Ausstellungsprojekt_Grenzenlos-gesund-essen.pdf\" target=\"_blank\" rel=\"noopener\"><strong>hier<\/strong><\/a>)<\/h1>\n<p><a href=\"http:\/\/www.el-pan-alegre.org\/wordpress\/wp-content\/uploads\/2016\/01\/Tafel3-1.jpg\"><img loading=\"lazy\" decoding=\"async\" class=\" size-medium wp-image-1260 aligncenter\" src=\"http:\/\/www.el-pan-alegre.org\/wordpress\/wp-content\/uploads\/2016\/01\/Tafel3-1-274x300.jpg\" alt=\"Tafel3-1\" width=\"274\" height=\"300\" srcset=\"https:\/\/www.el-pan-alegre.org\/wordpress\/wp-content\/uploads\/2016\/01\/Tafel3-1-274x300.jpg 274w, https:\/\/www.el-pan-alegre.org\/wordpress\/wp-content\/uploads\/2016\/01\/Tafel3-1-936x1024.jpg 936w, https:\/\/www.el-pan-alegre.org\/wordpress\/wp-content\/uploads\/2016\/01\/Tafel3-1.jpg 1552w\" sizes=\"auto, (max-width: 274px) 100vw, 274px\" \/><\/a><\/p>\n<p style=\"text-align: center;\"><strong><span style=\"color: #ff0000;\">*<\/span> z. B. 2011: <a href=\"http:\/\/www.el-pan-alegre.org\/2011_Sachbericht_fuer_DKHW.pdf\" target=\"_blank\" rel=\"noopener\">Sachbericht f\u00fcr Deutsches Kinderhilfswerk<\/a><\/strong><\/p>\n","protected":false},"excerpt":{"rendered":"<p>Referenzschreiben des FEZ-Berlin a)\u00a0 Amaranth-Workshops f\u00fcr Schulklassen: Start im FEZ &#8222;Ein starkes Korn f\u00fcr starke Kinder!&#8220; * Amaranth &amp; Honig &#8211; ein starkes Team f\u00fcr starke Kinder! Amaranth-Reis-Woche b)\u00a0 Biogas-Workshops f\u00fcr Schulklassen: Der Schatz aus dem &#8222;M\u00fcll&#8220; c)\u00a0 Kreislauf-Workshops f\u00fcr &hellip; <a href=\"https:\/\/www.el-pan-alegre.org\/wordpress\/machen\/projekte-de\/im-fez-berlin\/\">Weiterlesen <span class=\"meta-nav\">&rarr;<\/span><\/a><\/p>\n","protected":false},"author":2,"featured_media":0,"parent":579,"menu_order":0,"comment_status":"open","ping_status":"open","template":"","meta":{"jetpack_post_was_ever_published":false,"footnotes":""},"class_list":["post-1133","page","type-page","status-publish","hentry"],"yoast_head":"<!-- This site is optimized with the Yoast SEO plugin v27.5 - https:\/\/yoast.com\/product\/yoast-seo-wordpress\/ -->\n<title>Im FEZ-Berlin 2010-15 - El Pan Alegre<\/title>\n<meta name=\"robots\" content=\"index, follow, max-snippet:-1, max-image-preview:large, max-video-preview:-1\" \/>\n<link rel=\"canonical\" href=\"https:\/\/www.el-pan-alegre.org\/wordpress\/machen\/projekte-de\/im-fez-berlin\/\" \/>\n<meta property=\"og:locale\" content=\"de_DE\" \/>\n<meta property=\"og:type\" content=\"article\" \/>\n<meta property=\"og:title\" content=\"Im FEZ-Berlin 2010-15 - El Pan Alegre\" \/>\n<meta property=\"og:description\" content=\"Referenzschreiben des FEZ-Berlin a)\u00a0 Amaranth-Workshops f\u00fcr Schulklassen: Start im FEZ &#8222;Ein starkes Korn f\u00fcr starke Kinder!&#8220; * Amaranth &amp; Honig &#8211; ein starkes Team f\u00fcr starke Kinder! Amaranth-Reis-Woche b)\u00a0 Biogas-Workshops f\u00fcr Schulklassen: Der Schatz aus dem &#8222;M\u00fcll&#8220; c)\u00a0 Kreislauf-Workshops f\u00fcr &hellip; Weiterlesen &rarr;\" \/>\n<meta property=\"og:url\" content=\"https:\/\/www.el-pan-alegre.org\/wordpress\/machen\/projekte-de\/im-fez-berlin\/\" \/>\n<meta property=\"og:site_name\" content=\"El Pan Alegre\" \/>\n<meta property=\"article:modified_time\" content=\"2018-12-13T23:10:00+00:00\" \/>\n<meta property=\"og:image\" content=\"https:\/\/www.el-pan-alegre.org\/wordpress\/wp-content\/uploads\/2016\/01\/Team-1.jpg\" \/>\n\t<meta property=\"og:image:width\" content=\"1384\" \/>\n\t<meta property=\"og:image:height\" content=\"1382\" \/>\n\t<meta property=\"og:image:type\" content=\"image\/jpeg\" \/>\n<meta name=\"twitter:card\" content=\"summary_large_image\" \/>\n<meta name=\"twitter:label1\" content=\"Gesch\u00e4tzte Lesezeit\" \/>\n\t<meta name=\"twitter:data1\" content=\"1\u00a0Minute\" \/>\n<script type=\"application\/ld+json\" class=\"yoast-schema-graph\">{\"@context\":\"https:\\\/\\\/schema.org\",\"@graph\":[{\"@type\":\"WebPage\",\"@id\":\"https:\\\/\\\/www.el-pan-alegre.org\\\/wordpress\\\/machen\\\/projekte-de\\\/im-fez-berlin\\\/\",\"url\":\"https:\\\/\\\/www.el-pan-alegre.org\\\/wordpress\\\/machen\\\/projekte-de\\\/im-fez-berlin\\\/\",\"name\":\"Im FEZ-Berlin 2010-15 - El Pan Alegre\",\"isPartOf\":{\"@id\":\"https:\\\/\\\/www.el-pan-alegre.org\\\/wordpress\\\/#website\"},\"primaryImageOfPage\":{\"@id\":\"https:\\\/\\\/www.el-pan-alegre.org\\\/wordpress\\\/machen\\\/projekte-de\\\/im-fez-berlin\\\/#primaryimage\"},\"image\":{\"@id\":\"https:\\\/\\\/www.el-pan-alegre.org\\\/wordpress\\\/machen\\\/projekte-de\\\/im-fez-berlin\\\/#primaryimage\"},\"thumbnailUrl\":\"http:\\\/\\\/www.el-pan-alegre.org\\\/wordpress\\\/wp-content\\\/uploads\\\/2016\\\/01\\\/Team-1-300x300.jpg\",\"datePublished\":\"2016-01-24T18:34:11+00:00\",\"dateModified\":\"2018-12-13T23:10:00+00:00\",\"breadcrumb\":{\"@id\":\"https:\\\/\\\/www.el-pan-alegre.org\\\/wordpress\\\/machen\\\/projekte-de\\\/im-fez-berlin\\\/#breadcrumb\"},\"inLanguage\":\"de\",\"potentialAction\":[{\"@type\":\"ReadAction\",\"target\":[\"https:\\\/\\\/www.el-pan-alegre.org\\\/wordpress\\\/machen\\\/projekte-de\\\/im-fez-berlin\\\/\"]}]},{\"@type\":\"ImageObject\",\"inLanguage\":\"de\",\"@id\":\"https:\\\/\\\/www.el-pan-alegre.org\\\/wordpress\\\/machen\\\/projekte-de\\\/im-fez-berlin\\\/#primaryimage\",\"url\":\"http:\\\/\\\/www.el-pan-alegre.org\\\/wordpress\\\/wp-content\\\/uploads\\\/2016\\\/01\\\/Team-1-300x300.jpg\",\"contentUrl\":\"http:\\\/\\\/www.el-pan-alegre.org\\\/wordpress\\\/wp-content\\\/uploads\\\/2016\\\/01\\\/Team-1-300x300.jpg\"},{\"@type\":\"BreadcrumbList\",\"@id\":\"https:\\\/\\\/www.el-pan-alegre.org\\\/wordpress\\\/machen\\\/projekte-de\\\/im-fez-berlin\\\/#breadcrumb\",\"itemListElement\":[{\"@type\":\"ListItem\",\"position\":1,\"name\":\"Home\",\"item\":\"https:\\\/\\\/www.el-pan-alegre.org\\\/wordpress\\\/\"},{\"@type\":\"ListItem\",\"position\":2,\"name\":\"Machen \\\/ Hacer\",\"item\":\"https:\\\/\\\/www.el-pan-alegre.org\\\/wordpress\\\/machen\\\/\"},{\"@type\":\"ListItem\",\"position\":3,\"name\":\"Projekte Deutschland\",\"item\":\"https:\\\/\\\/www.el-pan-alegre.org\\\/wordpress\\\/machen\\\/projekte-de\\\/\"},{\"@type\":\"ListItem\",\"position\":4,\"name\":\"Im FEZ-Berlin 2010-15\"}]},{\"@type\":\"WebSite\",\"@id\":\"https:\\\/\\\/www.el-pan-alegre.org\\\/wordpress\\\/#website\",\"url\":\"https:\\\/\\\/www.el-pan-alegre.org\\\/wordpress\\\/\",\"name\":\"El Pan Alegre\",\"description\":\"Das Fr\u00f6hliche Brot\",\"potentialAction\":[{\"@type\":\"SearchAction\",\"target\":{\"@type\":\"EntryPoint\",\"urlTemplate\":\"https:\\\/\\\/www.el-pan-alegre.org\\\/wordpress\\\/?s={search_term_string}\"},\"query-input\":{\"@type\":\"PropertyValueSpecification\",\"valueRequired\":true,\"valueName\":\"search_term_string\"}}],\"inLanguage\":\"de\"}]}<\/script>\n<!-- \/ Yoast SEO plugin. -->","yoast_head_json":{"title":"Im FEZ-Berlin 2010-15 - El Pan Alegre","robots":{"index":"index","follow":"follow","max-snippet":"max-snippet:-1","max-image-preview":"max-image-preview:large","max-video-preview":"max-video-preview:-1"},"canonical":"https:\/\/www.el-pan-alegre.org\/wordpress\/machen\/projekte-de\/im-fez-berlin\/","og_locale":"de_DE","og_type":"article","og_title":"Im FEZ-Berlin 2010-15 - El Pan Alegre","og_description":"Referenzschreiben des FEZ-Berlin a)\u00a0 Amaranth-Workshops f\u00fcr Schulklassen: Start im FEZ &#8222;Ein starkes Korn f\u00fcr starke Kinder!&#8220; * Amaranth &amp; Honig &#8211; ein starkes Team f\u00fcr starke Kinder! Amaranth-Reis-Woche b)\u00a0 Biogas-Workshops f\u00fcr Schulklassen: Der Schatz aus dem &#8222;M\u00fcll&#8220; c)\u00a0 Kreislauf-Workshops f\u00fcr &hellip; Weiterlesen &rarr;","og_url":"https:\/\/www.el-pan-alegre.org\/wordpress\/machen\/projekte-de\/im-fez-berlin\/","og_site_name":"El Pan Alegre","article_modified_time":"2018-12-13T23:10:00+00:00","og_image":[{"width":1384,"height":1382,"url":"https:\/\/www.el-pan-alegre.org\/wordpress\/wp-content\/uploads\/2016\/01\/Team-1.jpg","type":"image\/jpeg"}],"twitter_card":"summary_large_image","twitter_misc":{"Gesch\u00e4tzte Lesezeit":"1\u00a0Minute"},"schema":{"@context":"https:\/\/schema.org","@graph":[{"@type":"WebPage","@id":"https:\/\/www.el-pan-alegre.org\/wordpress\/machen\/projekte-de\/im-fez-berlin\/","url":"https:\/\/www.el-pan-alegre.org\/wordpress\/machen\/projekte-de\/im-fez-berlin\/","name":"Im FEZ-Berlin 2010-15 - El Pan Alegre","isPartOf":{"@id":"https:\/\/www.el-pan-alegre.org\/wordpress\/#website"},"primaryImageOfPage":{"@id":"https:\/\/www.el-pan-alegre.org\/wordpress\/machen\/projekte-de\/im-fez-berlin\/#primaryimage"},"image":{"@id":"https:\/\/www.el-pan-alegre.org\/wordpress\/machen\/projekte-de\/im-fez-berlin\/#primaryimage"},"thumbnailUrl":"http:\/\/www.el-pan-alegre.org\/wordpress\/wp-content\/uploads\/2016\/01\/Team-1-300x300.jpg","datePublished":"2016-01-24T18:34:11+00:00","dateModified":"2018-12-13T23:10:00+00:00","breadcrumb":{"@id":"https:\/\/www.el-pan-alegre.org\/wordpress\/machen\/projekte-de\/im-fez-berlin\/#breadcrumb"},"inLanguage":"de","potentialAction":[{"@type":"ReadAction","target":["https:\/\/www.el-pan-alegre.org\/wordpress\/machen\/projekte-de\/im-fez-berlin\/"]}]},{"@type":"ImageObject","inLanguage":"de","@id":"https:\/\/www.el-pan-alegre.org\/wordpress\/machen\/projekte-de\/im-fez-berlin\/#primaryimage","url":"http:\/\/www.el-pan-alegre.org\/wordpress\/wp-content\/uploads\/2016\/01\/Team-1-300x300.jpg","contentUrl":"http:\/\/www.el-pan-alegre.org\/wordpress\/wp-content\/uploads\/2016\/01\/Team-1-300x300.jpg"},{"@type":"BreadcrumbList","@id":"https:\/\/www.el-pan-alegre.org\/wordpress\/machen\/projekte-de\/im-fez-berlin\/#breadcrumb","itemListElement":[{"@type":"ListItem","position":1,"name":"Home","item":"https:\/\/www.el-pan-alegre.org\/wordpress\/"},{"@type":"ListItem","position":2,"name":"Machen \/ Hacer","item":"https:\/\/www.el-pan-alegre.org\/wordpress\/machen\/"},{"@type":"ListItem","position":3,"name":"Projekte Deutschland","item":"https:\/\/www.el-pan-alegre.org\/wordpress\/machen\/projekte-de\/"},{"@type":"ListItem","position":4,"name":"Im FEZ-Berlin 2010-15"}]},{"@type":"WebSite","@id":"https:\/\/www.el-pan-alegre.org\/wordpress\/#website","url":"https:\/\/www.el-pan-alegre.org\/wordpress\/","name":"El Pan Alegre","description":"Das Fr\u00f6hliche Brot","potentialAction":[{"@type":"SearchAction","target":{"@type":"EntryPoint","urlTemplate":"https:\/\/www.el-pan-alegre.org\/wordpress\/?s={search_term_string}"},"query-input":{"@type":"PropertyValueSpecification","valueRequired":true,"valueName":"search_term_string"}}],"inLanguage":"de"}]}},"jetpack_sharing_enabled":false,"jetpack_shortlink":"https:\/\/wp.me\/P62TDh-ih","jetpack-related-posts":[{"id":488,"url":"https:\/\/www.el-pan-alegre.org\/wordpress\/galerie\/","url_meta":{"origin":1133,"position":0},"title":"Film-\/Fotogalerie","author":"Anja Mocker","date":"22. April 2015","format":false,"excerpt":"+ + +\u00a0 s. auch Blogspot\u00a0 + + + FILM \"Nachhaltig stark und schlau!\" (7:44 Min.) Bildung f\u00fcr nachhaltige Entwicklung; En Buenas Manos e. V. & FEZ-Berlin, 2012 FOTOSHOWS 2009: Probeworkshop im FEZ - \"Abenteuer Gesundheit\" 2010: Start im FEZ-Berlin 2010: AMARANTH-Thementag in der FEZitty, der Sommerferien-Kinderhauptstadt 2010: AMARANTH im\u2026","rel":"","context":"\u00c4hnlicher Beitrag","block_context":{"text":"\u00c4hnlicher Beitrag","link":""},"img":{"alt_text":"","src":"","width":0,"height":0},"classes":[]},{"id":539,"url":"https:\/\/www.el-pan-alegre.org\/wordpress\/wissen\/downloads\/","url_meta":{"origin":1133,"position":1},"title":"Downloads","author":"Anja Mocker","date":"22. April 2015","format":false,"excerpt":"Hier finden Sie alle Materialien von En Buenas Manos e.V. auf einen Blick \/ a continuaci\u00f3n ustedes encontrar\u00e1n todos los materiales disponibles sobre el trabajo de En Buenas Manos: Informationsmaterial \/ informaciones BESCHREIBUNG \/ DESCRIPCI\u00d3N: DAS FR\u00d6HLICHE BROT - Flyer auf Deutsch (Au\u00dfenseite) DAS FR\u00d6HLICHE BROT - Flyer auf Deutsch\u2026","rel":"","context":"\u00c4hnlicher Beitrag","block_context":{"text":"\u00c4hnlicher Beitrag","link":""},"img":{"alt_text":"","src":"","width":0,"height":0},"classes":[]},{"id":2193,"url":"https:\/\/www.el-pan-alegre.org\/wordpress\/en-buenas-manos-e-v\/zum-verein\/","url_meta":{"origin":1133,"position":2},"title":"Zum Verein","author":"Madeleine Porr","date":"14. September 2019","format":false,"excerpt":"gegr. 2005, Sitz: Berlin institutioneller Tr\u00e4ger des Regionalentwicklungskonzepts El Pan Alegre - Das Fr\u00f6hliche Brot, Beispiel f\u00fcr geschlossene optimierte Stoffstromkreisl\u00e4ufe mit den Komponenten Amaranth und Biogas aus organischen Hausabf\u00e4llen aktuell 10 Mitglieder + 1 Ehrenmitglied, davon 5 aktiv (Vorstand, Workshops); Aktivit\u00e4ten aktuell in Berlin und Havanna\/Kuba Finanzierung aktuell durch Mitgliedsbeitr\u00e4ge,\u2026","rel":"","context":"\u00c4hnlicher Beitrag","block_context":{"text":"\u00c4hnlicher Beitrag","link":""},"img":{"alt_text":"","src":"","width":0,"height":0},"classes":[]},{"id":579,"url":"https:\/\/www.el-pan-alegre.org\/wordpress\/machen\/projekte-de\/","url_meta":{"origin":1133,"position":3},"title":"Projekte Deutschland","author":"Anja Mocker","date":"22. April 2015","format":false,"excerpt":"Im FEZ-Berlin 2010-15 PARADIES WUHLHEIDE Im Prinzessinnengarten Berlin Im Theater am Rand \/ Oderbruch -\u00a0 Kindertheaterst\u00fcck \"Das Fr\u00f6hliche Brot\" -\u00a0 Amaranth-Kinderlied Im \u00d6kowerk Tornow Bei der Jahreskonferenz des Deutschen Nachhaltigkeitsrates Bei den Geschmackstagen in der Berliner Markthalle IX Beim Familienrenntag im Pferdesportpark Berlin-Karlshorst Beim Weihnachts-Lichtermarkt Berlin-Lichtenrade Beim Tag der Offenen\u2026","rel":"","context":"\u00c4hnlicher Beitrag","block_context":{"text":"\u00c4hnlicher Beitrag","link":""},"img":{"alt_text":"2013-Bundeskanzleramt","src":"https:\/\/i0.wp.com\/www.el-pan-alegre.org\/wordpress\/wp-content\/uploads\/2015\/04\/2013-Bundeskanzleramt-150x150.jpg?resize=350%2C200","width":350,"height":200},"classes":[]},{"id":1179,"url":"https:\/\/www.el-pan-alegre.org\/wordpress\/machen\/projekte-de\/im-theater-am-rand-oderbruch\/","url_meta":{"origin":1133,"position":4},"title":"Im Theater am Rand \/ Oderbruch","author":"Madeleine Porr","date":"25. Januar 2016","format":false,"excerpt":"A.\u00a0 Kindertheaterst\u00fcck \"Das Fr\u00f6hliche Brot\" Hintergrund-Info Titel 1. Akt 2. Akt Auff\u00fchrung B.\u00a0 Amaranth-Kinderlied \"Das Amaranth-Lied\" (Musik + Text: Tobias Morgenster; Gesang: Katarina Krolls FEZi-Strolche; Aufnahme, Mix + Schnitt: Dirk Meier \/ gesponsert von der Landesmusikakademie im FEZ-Berlin) Note in A Note in C Note in D Note in G\u2026","rel":"","context":"\u00c4hnlicher Beitrag","block_context":{"text":"\u00c4hnlicher Beitrag","link":""},"img":{"alt_text":"Kindertheaterstueck","src":"https:\/\/i0.wp.com\/www.el-pan-alegre.org\/wordpress\/wp-content\/uploads\/2016\/01\/Kindertheaterstueck-1024x768.jpg?resize=350%2C200","width":350,"height":200,"srcset":"https:\/\/i0.wp.com\/www.el-pan-alegre.org\/wordpress\/wp-content\/uploads\/2016\/01\/Kindertheaterstueck-1024x768.jpg?resize=350%2C200 1x, https:\/\/i0.wp.com\/www.el-pan-alegre.org\/wordpress\/wp-content\/uploads\/2016\/01\/Kindertheaterstueck-1024x768.jpg?resize=525%2C300 1.5x"},"classes":[]},{"id":811,"url":"https:\/\/www.el-pan-alegre.org\/wordpress\/en-buenas-manos-e-v\/was-machen-wir\/arbeitsberichte\/","url_meta":{"origin":1133,"position":5},"title":"Arbeitsberichte","author":"Madeleine Porr","date":"30. August 2015","format":false,"excerpt":"2025-Aktivit\u00e4ten En Buenas Manos in Deutschland und Kuba2024-Jahresbericht EBM (nach den Kriterien des Social Reporting Standard)2023-Jahresbericht EBM (nach den Kriterien des Social Reporting Standard)2022-Jahresbericht EBM (nach den Kriterien des Social Reporting Standard)2021-Jahresbericht EBM (nach den Kriterien des Social Reporting Standard)2020-Jahresbericht EBM (nach den Kriterien des Social Reporting Standard)2019-Jahresbericht EBM (nach\u2026","rel":"","context":"\u00c4hnlicher Beitrag","block_context":{"text":"\u00c4hnlicher Beitrag","link":""},"img":{"alt_text":"","src":"","width":0,"height":0},"classes":[]}],"_links":{"self":[{"href":"https:\/\/www.el-pan-alegre.org\/wordpress\/wp-json\/wp\/v2\/pages\/1133","targetHints":{"allow":["GET"]}}],"collection":[{"href":"https:\/\/www.el-pan-alegre.org\/wordpress\/wp-json\/wp\/v2\/pages"}],"about":[{"href":"https:\/\/www.el-pan-alegre.org\/wordpress\/wp-json\/wp\/v2\/types\/page"}],"author":[{"embeddable":true,"href":"https:\/\/www.el-pan-alegre.org\/wordpress\/wp-json\/wp\/v2\/users\/2"}],"replies":[{"embeddable":true,"href":"https:\/\/www.el-pan-alegre.org\/wordpress\/wp-json\/wp\/v2\/comments?post=1133"}],"version-history":[{"count":50,"href":"https:\/\/www.el-pan-alegre.org\/wordpress\/wp-json\/wp\/v2\/pages\/1133\/revisions"}],"predecessor-version":[{"id":2045,"href":"https:\/\/www.el-pan-alegre.org\/wordpress\/wp-json\/wp\/v2\/pages\/1133\/revisions\/2045"}],"up":[{"embeddable":true,"href":"https:\/\/www.el-pan-alegre.org\/wordpress\/wp-json\/wp\/v2\/pages\/579"}],"wp:attachment":[{"href":"https:\/\/www.el-pan-alegre.org\/wordpress\/wp-json\/wp\/v2\/media?parent=1133"}],"curies":[{"name":"wp","href":"https:\/\/api.w.org\/{rel}","templated":true}]}}